Last updated on 2025-11-20 09:48:22 CET.
| Flavor | Version | Tinstall | Tcheck | Ttotal | Status | Flags |
|---|---|---|---|---|---|---|
| r-devel-linux-x86_64-debian-clang | 2.2.1 | 32.78 | 201.94 | 234.72 | NOTE | |
| r-devel-linux-x86_64-debian-gcc | 2.2.1 | 21.78 | 148.47 | 170.25 | NOTE | |
| r-devel-linux-x86_64-fedora-clang | 2.2.1 | 72.00 | 290.45 | 362.45 | OK | |
| r-devel-linux-x86_64-fedora-gcc | 2.2.1 | 68.00 | 262.11 | 330.11 | OK | |
| r-devel-windows-x86_64 | 2.2.1 | 33.00 | 190.00 | 223.00 | OK | |
| r-patched-linux-x86_64 | 2.2.1 | 31.57 | 182.88 | 214.45 | OK | |
| r-release-linux-x86_64 | 2.2.1 | 31.78 | 183.74 | 215.52 | OK | |
| r-release-macos-arm64 | 2.2.1 | OK | ||||
| r-release-macos-x86_64 | 2.2.1 | 27.00 | 121.00 | 148.00 | OK | |
| r-release-windows-x86_64 | 2.2.1 | 31.00 | 187.00 | 218.00 | OK | |
| r-oldrel-macos-arm64 | 2.2.1 | OK | ||||
| r-oldrel-macos-x86_64 | 2.2.1 | 20.00 | 106.00 | 126.00 | OK | |
| r-oldrel-windows-x86_64 | 2.2.1 | 43.00 | 244.00 | 287.00 | OK |
Version: 2.2.1
Check: CRAN incoming feasibility
Result: NOTE
Maintainer: ‘Sandrine Pavoine <sandrine.pavoine@mnhn.fr>’
No Authors@R field in DESCRIPTION.
Please add one, modifying
Authors@R: person(given = "Sandrine",
family = "Pavoine",
role = c("aut", "cre"),
email = "sandrine.pavoine@mnhn.fr")
as necessary.
Flavors: r-devel-linux-x86_64-debian-clang, r-devel-linux-x86_64-debian-gcc