Last updated on 2025-11-21 09:48:56 CET.
| Flavor | Version | Tinstall | Tcheck | Ttotal | Status | Flags |
|---|---|---|---|---|---|---|
| r-devel-linux-x86_64-debian-clang | 0.20.0 | 72.90 | 22.24 | 95.14 | OK | |
| r-devel-linux-x86_64-debian-gcc | 0.21.0 | 64.60 | 19.08 | 83.68 | OK | |
| r-devel-linux-x86_64-fedora-clang | 0.21.0 | 381.00 | -199.69 | 181.31 | OK | |
| r-devel-linux-x86_64-fedora-gcc | 0.21.0 | 387.00 | -164.93 | 222.07 | OK | |
| r-devel-windows-x86_64 | 0.20.0 | 115.00 | 113.00 | 228.00 | OK | |
| r-patched-linux-x86_64 | 0.20.0 | 90.38 | 20.01 | 110.39 | OK | |
| r-release-linux-x86_64 | 0.20.0 | 93.48 | 19.75 | 113.23 | OK | |
| r-release-macos-arm64 | 0.21.0 | 1.00 | 4.00 | 5.00 | ERROR | |
| r-release-macos-x86_64 | 0.21.0 | 35.00 | 27.00 | 62.00 | OK | |
| r-release-windows-x86_64 | 0.20.0 | 104.00 | 118.00 | 222.00 | OK | |
| r-oldrel-macos-arm64 | 0.21.0 | 1.00 | 9.00 | 10.00 | ERROR | |
| r-oldrel-macos-x86_64 | 0.21.0 | 47.00 | 44.00 | 91.00 | NOTE | |
| r-oldrel-windows-x86_64 | 0.20.0 | 96.00 | 140.00 | 236.00 | NOTE |
Version: 0.21.0
Check: whether package can be installed
Result: ERROR
Installation failed.
Flavors: r-release-macos-arm64, r-oldrel-macos-arm64
Version: 0.21.0
Check: installed package size
Result: NOTE
installed size is 9.9Mb
sub-directories of 1Mb or more:
libs 9.8Mb
Flavor: r-oldrel-macos-x86_64
Version: 0.20.0
Check: installed package size
Result: NOTE
installed size is 7.2Mb
sub-directories of 1Mb or more:
libs 7.1Mb
Flavor: r-oldrel-windows-x86_64