Last updated on 2025-11-15 09:49:05 CET.
| Flavor | Version | Tinstall | Tcheck | Ttotal | Status | Flags |
|---|---|---|---|---|---|---|
| r-devel-linux-x86_64-debian-clang | 1.0.1 | 368.22 | 162.73 | 530.95 | OK | |
| r-devel-linux-x86_64-debian-gcc | 1.0.1 | 326.04 | 148.50 | 474.54 | OK | |
| r-devel-linux-x86_64-fedora-clang | 1.0.1 | 660.00 | 150.29 | 810.29 | OK | |
| r-devel-linux-x86_64-fedora-gcc | 1.0.1 | 1020.00 | 56.17 | 1076.17 | OK | |
| r-devel-windows-x86_64 | 1.0.1 | 406.00 | 200.00 | 606.00 | OK | |
| r-patched-linux-x86_64 | 1.0.1 | 436.83 | 194.25 | 631.08 | OK | |
| r-release-linux-x86_64 | 1.0.1 | 428.14 | 194.27 | 622.41 | OK | |
| r-release-macos-arm64 | 1.0.1 | 130.00 | 65.00 | 195.00 | OK | |
| r-release-macos-x86_64 | 1.0.1 | 182.00 | 132.00 | 314.00 | OK | |
| r-release-windows-x86_64 | 1.0.1 | 389.00 | 200.00 | 589.00 | OK | |
| r-oldrel-macos-arm64 | 1.0.1 | 76.00 | 40.00 | 116.00 | NOTE | |
| r-oldrel-macos-x86_64 | 1.0.1 | 71.00 | 68.00 | 139.00 | NOTE | |
| r-oldrel-windows-x86_64 | 1.0.1 | 456.00 | 258.00 | 714.00 | NOTE |
Version: 1.0.1
Check: installed package size
Result: NOTE
installed size is 92.1Mb
sub-directories of 1Mb or more:
data 4.2Mb
libs 87.3Mb
Flavors: r-oldrel-macos-arm64, r-oldrel-macos-x86_64, r-oldrel-windows-x86_64
Version: 1.0.1
Check: for GNU extensions in Makefiles
Result: NOTE
GNU make is a SystemRequirements.
Flavors: r-oldrel-macos-arm64, r-oldrel-macos-x86_64, r-oldrel-windows-x86_64