Last updated on 2025-11-14 01:51:54 CET.
| Flavor | Version | Tinstall | Tcheck | Ttotal | Status | Flags |
|---|---|---|---|---|---|---|
| r-devel-linux-x86_64-debian-clang | 1.5-10 | 2.23 | 26.41 | 28.64 | NOTE | |
| r-devel-linux-x86_64-debian-gcc | 1.5-10 | 1.77 | 20.89 | 22.66 | NOTE | |
| r-devel-linux-x86_64-fedora-clang | 1.5-10 | 41.99 | NOTE | |||
| r-devel-linux-x86_64-fedora-gcc | 1.5-10 | 11.00 | 32.59 | 43.59 | ERROR | |
| r-devel-windows-x86_64 | 1.5-10 | 3.00 | 45.00 | 48.00 | NOTE | |
| r-patched-linux-x86_64 | 1.5-10 | 2.35 | 24.78 | 27.13 | NOTE | |
| r-release-linux-x86_64 | 1.5-10 | 2.07 | 25.16 | 27.23 | NOTE | |
| r-release-macos-arm64 | 1.5-10 | 1.00 | 28.00 | 29.00 | NOTE | |
| r-release-macos-x86_64 | 1.5-10 | 2.00 | 38.00 | 40.00 | NOTE | |
| r-release-windows-x86_64 | 1.5-10 | 3.00 | 45.00 | 48.00 | NOTE | |
| r-oldrel-macos-arm64 | 1.5-10 | 1.00 | 20.00 | 21.00 | NOTE | |
| r-oldrel-macos-x86_64 | 1.5-10 | 2.00 | 31.00 | 33.00 | NOTE | |
| r-oldrel-windows-x86_64 | 1.5-10 | 3.00 | 53.00 | 56.00 | NOTE |
Version: 1.5-10
Check: CRAN incoming feasibility
Result: NOTE
Maintainer: ‘Soubhik Barari <soubhikbarari@gmail.com>’
No Authors@R field in DESCRIPTION.
Please add one, modifying
Authors@R: c(person(given = "Heather",
family = "Stoll",
role = "aut",
email = "hstoll@polsci.ucsb.edu"),
person(given = "Gary",
family = "King",
role = "aut",
email = "king@harvard.edu"),
person(given = "Langche",
family = "Zeng",
role = "aut",
email = "zeng@ucsd.edu"),
person(given = "Christopher",
family = "Gandrud",
role = "aut",
email = "zelig.zee@gmail.com"),
person(given = "Ben",
family = "Sabath",
role = "aut"),
person(given = "Soubhik",
family = "Barari",
role = "cre",
email = "soubhikbarari@gmail.com"))
as necessary.
Flavors: r-devel-linux-x86_64-debian-clang, r-devel-linux-x86_64-debian-gcc
Version: 1.5-10
Check: package subdirectories
Result: NOTE
Problems with news in ‘NEWS.md’:
Cannot extract version info from the following section titles:
Major changes
Minor changes
Flavors: r-devel-linux-x86_64-debian-clang, r-devel-linux-x86_64-debian-gcc, r-devel-linux-x86_64-fedora-clang, r-devel-linux-x86_64-fedora-gcc, r-devel-windows-x86_64, r-patched-linux-x86_64, r-release-linux-x86_64, r-release-macos-arm64, r-release-macos-x86_64, r-release-windows-x86_64, r-oldrel-macos-arm64, r-oldrel-macos-x86_64, r-oldrel-windows-x86_64
Version: 1.5-10
Check: tests
Result: ERROR
Running ‘testthat.R’
Running the tests in ‘tests/testthat.R’ failed.
Complete output:
> library(testthat)
> library(WhatIf)
>
> test_check("WhatIf")
|
| | 0%
|
|= | 1%
|
|= | 2%
|
|== | 2%
|
|== | 3%
|
|=== | 4%
|
|=== | 5%
|
|==== | 6%
|
|===== | 7%
|
|====== | 8%
|
|====== | 9%
|
|======= | 10%
|
|======== | 11%
|
|======== | 12%
|
|========= | 12%
|
|========= | 13%
|
|========== | 14%
|
|========== | 15%
|
|=========== | 16%
|
|============ | 17%
|
|============= | 18%
|
|============= | 19%
|
|============== | 20%
|
|============== | 21%
|
|=============== | 21%
|
|================ | 22%
|
|================ | 23%
|
|================= | 24%
|
|================= | 25%
|
|================== | 26%
|
|=================== | 26%
|
|=================== | 27%
|
|==================== | 28%
|
|==================== | 29%
|
|===================== | 30%
|
|===================== | 31%
|
|====================== | 31%
|
|======================= | 32%
|
|======================= | 33%
|
|======================== | 34%
|
|======================== | 35%
|
|========================= | 36%
|
|========================== | 37%
|
|=========================== | 38%
|
|=========================== | 39%
|
|============================ | 40%
|
|============================= | 41%
|
|============================== | 42%
|
|============================== | 43%
|
|=============================== | 44%
|
|=============================== | 45%
|
|================================ | 45%
|
|================================ | 46%
|
|================================= | 47%
|
|================================== | 48%
|
|================================== | 49%
|
|=================================== | 50%
|
|==================================== | 51%
|
|==================================== | 52%
|
|===================================== | 53%
|
|====================================== | 54%
|
|====================================== | 55%
|
|======================================= | 55%
|
|======================================= | 56%
|
|======================================== | 57%
|
|======================================== | 58%
|
|========================================= | 59%
|
|========================================== | 60%
|
|=========================================== | 61%
|
|=========================================== | 62%
|
|============================================ | 63%
|
|============================================= | 64%
|
|============================================== | 65%
|
|============================================== | 66%
|
|=============================================== | 67%
|
|=============================================== | 68%
|
|================================================ | 69%
|
|================================================= | 69%
|
|================================================= | 70%
|
|================================================== | 71%
|
|================================================== | 72%
|
|=================================================== | 73%
|
|=================================================== | 74%
|
|==================================================== | 74%
|
|===================================================== | 75%
|
|===================================================== | 76%
|
|====================================================== | 77%
|
|====================================================== | 78%
|
|======================================================= | 79%
|
|======================================================== | 79%
|
|======================================================== | 80%
|
|========================================================= | 81%
|
|========================================================= | 82%
|
|========================================================== | 83%
|
|=========================================================== | 84%
|
|============================================================ | 85%
|
|============================================================ | 86%
|
|============================================================= | 87%
|
|============================================================= | 88%
|
|============================================================== | 88%
|
|============================================================== | 89%
|
|=============================================================== | 90%
|
|================================================================ | 91%
|
|================================================================ | 92%
|
|================================================================= | 93%
|
|================================================================== | 94%
|
|=================================================================== | 95%
|
|=================================================================== | 96%
|
|==================================================================== | 97%
|
|==================================================================== | 98%
|
|===================================================================== | 98%
|
|===================================================================== | 99%
|
|======================================================================| 100%
Saving _problems/test-whatif_convexhull-20.R
[ FAIL 1 | WARN 0 | SKIP 4 | PASS 2 ]
══ Skipped tests (4) ═══════════════════════════════════════════════════════════
• On CRAN (4): 'test-whatif.R:9:5', 'test-whatif.R:32:5', 'test-whatif.R:55:5',
'test-whatif_convexhull.R:2:5'
══ Failed tests ════════════════════════════════════════════════════════════════
── Error ('test-whatif_convexhull.R:16:5'): REQUIRE TEST multitreaded ──────────
<lifecycle_error_deprecated/defunctError/rlang_error/error/condition>
Error: `with_mock()` was deprecated in testthat 3.2.0 and is now defunct.
ℹ Please use `with_mocked_bindings()` instead.
Backtrace:
▆
1. └─testthat::with_mock(...) at test-whatif_convexhull.R:16:5
2. └─lifecycle::deprecate_stop("3.2.0", "with_mock()", "with_mocked_bindings()")
3. └─lifecycle:::deprecate_stop0(msg)
4. └─rlang::cnd_signal(...)
[ FAIL 1 | WARN 0 | SKIP 4 | PASS 2 ]
Error:
! Test failures.
Execution halted
Flavor: r-devel-linux-x86_64-fedora-gcc