Last updated on 2025-10-25 01:51:21 CEST.
| Flavor | Version | Tinstall | Tcheck | Ttotal | Status | Flags |
|---|---|---|---|---|---|---|
| r-devel-linux-x86_64-debian-clang | 0.9.14 | 8.89 | 93.50 | 102.39 | NOTE | |
| r-devel-linux-x86_64-debian-gcc | 0.9.14 | 6.06 | 69.64 | 75.70 | NOTE | |
| r-devel-linux-x86_64-fedora-clang | 0.9.14 | 21.00 | 143.08 | 164.08 | OK | |
| r-devel-linux-x86_64-fedora-gcc | 0.9.14 | 42.00 | 135.16 | 177.16 | NOTE | |
| r-devel-windows-x86_64 | 0.9.14 | 12.00 | 116.00 | 128.00 | OK | |
| r-patched-linux-x86_64 | 0.9.14 | 8.29 | 87.98 | 96.27 | OK | |
| r-release-linux-x86_64 | 0.9.14 | 8.15 | 86.95 | 95.10 | OK | |
| r-release-macos-arm64 | 0.9.14 | 5.00 | 45.00 | 50.00 | OK | |
| r-release-macos-x86_64 | 0.9.14 | 11.00 | 90.00 | 101.00 | OK | |
| r-release-windows-x86_64 | 0.9.14 | 11.00 | 121.00 | 132.00 | OK | |
| r-oldrel-macos-arm64 | 0.9.14 | 4.00 | 48.00 | 52.00 | OK | |
| r-oldrel-macos-x86_64 | 0.9.14 | 7.00 | 88.00 | 95.00 | OK | |
| r-oldrel-windows-x86_64 | 0.9.14 | 14.00 | 144.00 | 158.00 | OK |
Version: 0.9.14
Check: Rd files
Result: NOTE
checkRd: (-1) logFileRead.Rd:22-44: Only 4 columns allowed in this table (row 1 has 3)
checkRd: (-1) logFileRead.Rd:22-44: Only 4 columns allowed in this table (row 2 has 3)
checkRd: (-1) logFileRead.Rd:22-44: Only 4 columns allowed in this table (row 3 has 3)
checkRd: (-1) logFileRead.Rd:22-44: Only 4 columns allowed in this table (row 4 has 3)
checkRd: (-1) logFileRead.Rd:22-44: Only 4 columns allowed in this table (row 5 has 3)
checkRd: (-1) logFileRead.Rd:22-44: Only 4 columns allowed in this table (row 6 has 3)
checkRd: (-1) logFileRead.Rd:22-44: Only 4 columns allowed in this table (row 7 has 3)
checkRd: (-1) logFileRead.Rd:22-44: Only 4 columns allowed in this table (row 8 has 3)
checkRd: (-1) logFileRead.Rd:22-44: Only 4 columns allowed in this table (row 9 has 3)
checkRd: (-1) logFileRead.Rd:22-44: Only 4 columns allowed in this table (row 10 has 3)
checkRd: (-1) logFileRead.Rd:22-44: Only 4 columns allowed in this table (row 11 has 3)
checkRd: (-1) logFileRead.Rd:22-44: Only 4 columns allowed in this table (row 12 has 3)
checkRd: (-1) logFileRead.Rd:22-44: Only 4 columns allowed in this table (row 13 has 3)
checkRd: (-1) logFileRead.Rd:22-44: Only 4 columns allowed in this table (row 14 has 3)
checkRd: (-1) logFileRead.Rd:22-44: Only 4 columns allowed in this table (row 15 has 3)
checkRd: (-1) logFileRead.Rd:22-44: Only 4 columns allowed in this table (row 16 has 3)
checkRd: (-1) logFileRead.Rd:22-44: Only 4 columns allowed in this table (row 17 has 3)
checkRd: (-1) logFileRead.Rd:22-44: Only 4 columns allowed in this table (row 18 has 3)
checkRd: (-1) logFileRead.Rd:22-44: Only 4 columns allowed in this table (row 19 has 3)
checkRd: (-1) logFileRead.Rd:22-44: Only 4 columns allowed in this table (row 20 has 3)
checkRd: (-1) logFileRead.Rd:22-44: Only 4 columns allowed in this table (row 21 has 3)
Flavors: r-devel-linux-x86_64-debian-clang, r-devel-linux-x86_64-debian-gcc, r-devel-linux-x86_64-fedora-gcc