Last updated on 2025-11-04 01:51:27 CET.
| Flavor | Version | Tinstall | Tcheck | Ttotal | Status | Flags | 
|---|---|---|---|---|---|---|
| r-devel-linux-x86_64-debian-clang | 2.2.0 | 13.48 | 127.47 | 140.95 | OK | |
| r-devel-linux-x86_64-debian-gcc | 2.2.0 | 10.64 | 88.90 | 99.54 | OK | |
| r-devel-linux-x86_64-fedora-clang | 2.2.0 | 80.00 | 147.37 | 227.37 | OK | |
| r-devel-linux-x86_64-fedora-gcc | 2.2.0 | 32.00 | 185.23 | 217.23 | OK | |
| r-devel-windows-x86_64 | 2.2.0 | 21.00 | 135.00 | 156.00 | OK | |
| r-patched-linux-x86_64 | 2.2.0 | 16.35 | 115.65 | 132.00 | OK | |
| r-release-linux-x86_64 | 2.2.0 | 15.61 | 116.13 | 131.74 | OK | |
| r-release-macos-arm64 | 2.2.0 | 6.00 | 37.00 | 43.00 | OK | |
| r-release-macos-x86_64 | 2.2.0 | 11.00 | 66.00 | 77.00 | OK | |
| r-release-windows-x86_64 | 2.2.0 | 22.00 | 134.00 | 156.00 | OK | |
| r-oldrel-macos-arm64 | 2.2.0 | 6.00 | 45.00 | 51.00 | NOTE | |
| r-oldrel-macos-x86_64 | 2.2.0 | 10.00 | 85.00 | 95.00 | NOTE | |
| r-oldrel-windows-x86_64 | 2.2.0 | 29.00 | 169.00 | 198.00 | NOTE | 
Version: 2.2.0
Check: installed package size
Result: NOTE
    installed size is  8.7Mb
    sub-directories of 1Mb or more:
      data       1.1Mb
      doc        1.3Mb
      shinyapp   5.6Mb
Flavors: r-oldrel-macos-arm64, r-oldrel-macos-x86_64, r-oldrel-windows-x86_64