Last updated on 2025-10-31 14:49:55 CET.
| Flavor | Version | Tinstall | Tcheck | Ttotal | Status | Flags | 
|---|---|---|---|---|---|---|
| r-devel-linux-x86_64-debian-clang | 0.12.13 | 17.43 | 137.42 | 154.85 | NOTE | |
| r-devel-linux-x86_64-debian-gcc | 0.12.13 | 10.73 | 97.80 | 108.53 | NOTE | |
| r-devel-linux-x86_64-fedora-clang | 0.12.13 | 151.00 | 102.63 | 253.63 | OK | |
| r-devel-linux-x86_64-fedora-gcc | 0.12.13 | 81.00 | 170.30 | 251.30 | OK | |
| r-devel-windows-x86_64 | 0.12.13 | 18.00 | 131.00 | 149.00 | OK | |
| r-patched-linux-x86_64 | 0.12.13 | 17.32 | 129.35 | 146.67 | OK | |
| r-release-linux-x86_64 | 0.12.13 | 15.58 | 130.13 | 145.71 | OK | |
| r-release-macos-arm64 | 0.12.13 | 7.00 | 59.00 | 66.00 | OK | |
| r-release-macos-x86_64 | 0.12.13 | 13.00 | 116.00 | 129.00 | OK | |
| r-release-windows-x86_64 | 0.12.13 | 18.00 | 133.00 | 151.00 | OK | |
| r-oldrel-macos-arm64 | 0.12.13 | 7.00 | 70.00 | 77.00 | OK | |
| r-oldrel-macos-x86_64 | 0.12.13 | 14.00 | 110.00 | 124.00 | OK | |
| r-oldrel-windows-x86_64 | 0.12.13 | 25.00 | 169.00 | 194.00 | OK | 
Version: 0.12.13
Check: CRAN incoming feasibility
Result: NOTE
  Maintainer: ‘Boris P Hejblum <boris.hejblum@u-bordeaux.fr>’
  
  Found the following (possibly) invalid URLs:
    URL: https://docs.gsea-msigdb.org/#GSEA/Data_Formats/#gmt-gene-matrix-transposed-file-format-gmt/
      From: inst/doc/TcGSA_userguide.html
      Message: Invalid URL: '#' not allowed in fragment
Flavors: r-devel-linux-x86_64-debian-clang, r-devel-linux-x86_64-debian-gcc