Last updated on 2025-11-01 21:49:31 CET.
| Flavor | Version | Tinstall | Tcheck | Ttotal | Status | Flags |
|---|---|---|---|---|---|---|
| r-devel-linux-x86_64-debian-clang | 0.1.1 | 7.54 | 73.45 | 80.99 | OK | |
| r-devel-linux-x86_64-debian-gcc | 0.1.1 | 6.42 | 53.98 | 60.40 | OK | |
| r-devel-linux-x86_64-fedora-clang | 0.1.1 | 18.00 | 107.71 | 125.71 | OK | |
| r-devel-linux-x86_64-fedora-gcc | 0.1.1 | 21.00 | 112.63 | 133.63 | OK | |
| r-devel-windows-x86_64 | 0.1.1 | 12.00 | 181.00 | 193.00 | OK | |
| r-patched-linux-x86_64 | 0.1.1 | 8.61 | 68.98 | 77.59 | OK | |
| r-release-linux-x86_64 | 0.1.1 | 8.08 | 69.80 | 77.88 | OK | |
| r-release-macos-arm64 | 0.1.1 | 3.00 | 32.00 | 35.00 | OK | |
| r-release-macos-x86_64 | 0.1.1 | 8.00 | 65.00 | 73.00 | OK | |
| r-release-windows-x86_64 | 0.1.1 | 11.00 | 83.00 | 94.00 | OK | |
| r-oldrel-macos-arm64 | 0.1.1 | 3.00 | 33.00 | 36.00 | NOTE | |
| r-oldrel-macos-x86_64 | 0.1.1 | 6.00 | 53.00 | 59.00 | NOTE | |
| r-oldrel-windows-x86_64 | 0.1.1 | 13.00 | 102.00 | 115.00 | NOTE |
Version: 0.1.1
Check: LazyData
Result: NOTE
'LazyData' is specified without a 'data' directory
Flavors: r-oldrel-macos-arm64, r-oldrel-macos-x86_64, r-oldrel-windows-x86_64