Last updated on 2025-11-03 13:49:59 CET.
| Flavor | Version | Tinstall | Tcheck | Ttotal | Status | Flags |
|---|---|---|---|---|---|---|
| r-devel-linux-x86_64-debian-clang | 2.0.4 | 54.38 | 138.04 | 192.42 | OK | |
| r-devel-linux-x86_64-debian-gcc | 2.0.4 | 36.13 | 132.24 | 168.37 | OK | |
| r-devel-linux-x86_64-fedora-clang | 2.0.4 | 101.00 | 223.86 | 324.86 | OK | |
| r-devel-linux-x86_64-fedora-gcc | 2.0.4 | 109.00 | 235.90 | 344.90 | OK | |
| r-devel-windows-x86_64 | 2.0.4 | 68.00 | 196.00 | 264.00 | OK | |
| r-patched-linux-x86_64 | 2.0.4 | 55.25 | 177.38 | 232.63 | OK | |
| r-release-linux-x86_64 | 2.0.4 | 52.74 | 179.46 | 232.20 | OK | |
| r-release-macos-arm64 | 2.0.4 | 26.00 | 142.00 | 168.00 | OK | |
| r-release-macos-x86_64 | 2.0.4 | 37.00 | 246.00 | 283.00 | OK | |
| r-release-windows-x86_64 | 2.0.4 | 70.00 | 196.00 | 266.00 | OK | |
| r-oldrel-macos-arm64 | 2.0.4 | 25.00 | 186.00 | 211.00 | NOTE | |
| r-oldrel-macos-x86_64 | 2.0.4 | 29.00 | 252.00 | 281.00 | NOTE | |
| r-oldrel-windows-x86_64 | 2.0.4 | 80.00 | 257.00 | 337.00 | OK |
Version: 2.0.4
Check: installed package size
Result: NOTE
installed size is 8.0Mb
sub-directories of 1Mb or more:
libs 7.2Mb
Flavors: r-oldrel-macos-arm64, r-oldrel-macos-x86_64