Last updated on 2025-11-25 05:50:41 CET.
| Flavor | Version | Tinstall | Tcheck | Ttotal | Status | Flags |
|---|---|---|---|---|---|---|
| r-devel-linux-x86_64-debian-clang | 2.32.10 | 27.20 | 430.28 | 457.48 | OK | |
| r-devel-linux-x86_64-debian-gcc | 2.32.10 | 26.44 | 290.74 | 317.18 | OK | |
| r-devel-linux-x86_64-fedora-clang | 2.32.10 | 52.00 | 717.28 | 769.28 | OK | |
| r-devel-linux-x86_64-fedora-gcc | 2.32.10 | 60.00 | 734.27 | 794.27 | OK | |
| r-devel-windows-x86_64 | 2.32.10 | 128.00 | 689.00 | 817.00 | OK | |
| r-patched-linux-x86_64 | 2.32.10 | 28.24 | 463.62 | 491.86 | OK | |
| r-release-linux-x86_64 | 2.32.10 | 29.50 | 463.97 | 493.47 | OK | |
| r-release-macos-arm64 | 2.32.10 | OK | ||||
| r-release-macos-x86_64 | 2.32.10 | 14.00 | 407.00 | 421.00 | OK | |
| r-release-windows-x86_64 | 2.32.10 | 76.00 | 851.00 | 927.00 | OK | |
| r-oldrel-macos-arm64 | 2.32.10 | NOTE | ||||
| r-oldrel-macos-x86_64 | 2.32.10 | 7.00 | 185.00 | 192.00 | NOTE | |
| r-oldrel-windows-x86_64 | 2.32.10 | 86.00 | 728.00 | 814.00 | NOTE |
Version: 2.32.10
Check: installed package size
Result: NOTE
installed size is 17.0Mb
sub-directories of 1Mb or more:
include 11.7Mb
lib 3.3Mb
Flavors: r-oldrel-macos-arm64, r-oldrel-macos-x86_64, r-oldrel-windows-x86_64
Version: 2.32.10
Check: for GNU extensions in Makefiles
Result: NOTE
GNU make is a SystemRequirements.
Flavors: r-oldrel-macos-arm64, r-oldrel-macos-x86_64, r-oldrel-windows-x86_64