Last updated on 2025-10-31 14:49:53 CET.
| Flavor | Version | Tinstall | Tcheck | Ttotal | Status | Flags | 
|---|---|---|---|---|---|---|
| r-devel-linux-x86_64-debian-clang | 1.3 | 3.10 | 29.81 | 32.91 | NOTE | |
| r-devel-linux-x86_64-debian-gcc | 1.3 | 2.47 | 21.67 | 24.14 | NOTE | |
| r-devel-linux-x86_64-fedora-clang | 1.3 | 49.00 | OK | |||
| r-devel-linux-x86_64-fedora-gcc | 1.3 | 50.83 | OK | |||
| r-devel-windows-x86_64 | 1.3 | 5.00 | 47.00 | 52.00 | OK | |
| r-patched-linux-x86_64 | 1.3 | 2.94 | 27.84 | 30.78 | OK | |
| r-release-linux-x86_64 | 1.3 | 2.99 | 27.82 | 30.81 | OK | |
| r-release-macos-arm64 | 1.3 | 2.00 | 16.00 | 18.00 | OK | |
| r-release-macos-x86_64 | 1.3 | 3.00 | 29.00 | 32.00 | OK | |
| r-release-windows-x86_64 | 1.3 | 3.00 | 48.00 | 51.00 | OK | |
| r-oldrel-macos-arm64 | 1.3 | 2.00 | 17.00 | 19.00 | OK | |
| r-oldrel-macos-x86_64 | 1.3 | 3.00 | 24.00 | 27.00 | OK | |
| r-oldrel-windows-x86_64 | 1.3 | 5.00 | 49.00 | 54.00 | OK | 
Version: 1.3
Check: CRAN incoming feasibility
Result: NOTE
  Maintainer: ‘John P. Nolan  <jpnolan@american.edu>’
  
  No Authors@R field in DESCRIPTION.
  Please add one, modifying
    Authors@R: c(person(given = c("John", "P."),
                        family = "Nolan",
                        role = c("aut", "cre"),
                        email = "jpnolan@american.edu"),
                 person(given = c("with", "parts", "adapted", "from"),
                        family = "Fortran",
                        role = "aut"),
                 person(given = c("matlab", "code", "by", "Alan"),
                        family = "Genz",
                        role = "aut"))
  as necessary.
Flavors: r-devel-linux-x86_64-debian-clang, r-devel-linux-x86_64-debian-gcc