Last updated on 2025-07-04 01:50:10 CEST.
Flavor | Version | Tinstall | Tcheck | Ttotal | Status | Flags |
---|---|---|---|---|---|---|
r-devel-linux-x86_64-debian-clang | 4.9 | 25.23 | 221.07 | 246.30 | NOTE | |
r-devel-linux-x86_64-debian-gcc | 4.9 | 15.97 | 147.56 | 163.53 | NOTE | |
r-devel-linux-x86_64-fedora-clang | 4.9 | 381.79 | NOTE | |||
r-devel-linux-x86_64-fedora-gcc | 4.9 | 403.78 | NOTE | |||
r-devel-windows-x86_64 | 4.9 | 26.00 | 247.00 | 273.00 | NOTE | |
r-patched-linux-x86_64 | 4.9 | 24.79 | 213.52 | 238.31 | NOTE | |
r-release-linux-x86_64 | 4.9 | 23.90 | 214.72 | 238.62 | NOTE | |
r-release-macos-arm64 | 4.9 | 122.00 | NOTE | |||
r-release-macos-x86_64 | 4.9 | 245.00 | NOTE | |||
r-release-windows-x86_64 | 4.9 | 26.00 | 252.00 | 278.00 | NOTE | |
r-oldrel-macos-arm64 | 4.9 | 119.00 | OK | |||
r-oldrel-macos-x86_64 | 4.9 | 208.00 | OK | |||
r-oldrel-windows-x86_64 | 4.9 | 29.00 | 331.00 | 360.00 | OK |
Version: 4.9
Check: compiled code
Result: NOTE
File ‘Sim.DiffProc/libs/Sim.DiffProc.so’:
Found non-API call to R: ‘SET_TYPEOF’
Compiled code should not call non-API entry points in R.
See ‘Writing portable packages’ in the ‘Writing R Extensions’ manual,
and section ‘Moving into C API compliance’ for issues with the use of
non-API entry points.
Flavors: r-devel-linux-x86_64-debian-clang, r-devel-linux-x86_64-debian-gcc, r-devel-linux-x86_64-fedora-clang, r-devel-linux-x86_64-fedora-gcc, r-patched-linux-x86_64, r-release-linux-x86_64, r-release-macos-arm64, r-release-macos-x86_64
Version: 4.9
Check: compiled code
Result: NOTE
File 'Sim.DiffProc/libs/x64/Sim.DiffProc.dll':
Found non-API call to R: 'SET_TYPEOF'
Compiled code should not call non-API entry points in R.
See 'Writing portable packages' in the 'Writing R Extensions' manual,
and section 'Moving into C API compliance' for issues with the use of
non-API entry points.
Flavors: r-devel-windows-x86_64, r-release-windows-x86_64