Last updated on 2025-11-12 17:49:02 CET.
| Flavor | Version | Tinstall | Tcheck | Ttotal | Status | Flags |
|---|---|---|---|---|---|---|
| r-devel-linux-x86_64-debian-clang | 6.1.1 | 72.27 | 174.42 | 246.69 | OK | |
| r-devel-linux-x86_64-debian-gcc | 6.1.1 | 53.77 | 122.31 | 176.08 | OK | |
| r-devel-linux-x86_64-fedora-clang | 6.1.1 | 720.00 | -276.18 | 443.82 | OK | |
| r-devel-linux-x86_64-fedora-gcc | 6.1.1 | 134.00 | 261.52 | 395.52 | OK | |
| r-devel-windows-x86_64 | 6.1.1 | 84.00 | 451.00 | 535.00 | OK | |
| r-patched-linux-x86_64 | 6.1.1 | 69.17 | 159.85 | 229.02 | OK | |
| r-release-linux-x86_64 | 6.1.1 | 72.53 | 158.76 | 231.29 | OK | |
| r-release-macos-arm64 | 6.1.1 | 30.00 | 180.00 | 210.00 | OK | |
| r-release-macos-x86_64 | 6.1.1 | 94.00 | 593.00 | 687.00 | OK | |
| r-release-windows-x86_64 | 6.1.1 | 81.00 | 450.00 | 531.00 | OK | |
| r-oldrel-macos-arm64 | 6.1.1 | 30.00 | 195.00 | 225.00 | NOTE | |
| r-oldrel-macos-x86_64 | 6.1.1 | 83.00 | 515.00 | 598.00 | NOTE | |
| r-oldrel-windows-x86_64 | 6.1.1 | 103.00 | 577.00 | 680.00 | OK |
Version: 6.1.1
Check: installed package size
Result: NOTE
installed size is 6.0Mb
sub-directories of 1Mb or more:
libs 3.9Mb
Flavors: r-oldrel-macos-arm64, r-oldrel-macos-x86_64