Last updated on 2025-11-02 17:49:51 CET.
| Flavor | Version | Tinstall | Tcheck | Ttotal | Status | Flags |
|---|---|---|---|---|---|---|
| r-devel-linux-x86_64-debian-clang | 1.9.0 | 204.15 | 196.83 | 400.98 | OK | |
| r-devel-linux-x86_64-debian-gcc | 1.9.0 | 165.43 | 132.10 | 297.53 | OK | |
| r-devel-linux-x86_64-fedora-clang | 1.9.0 | 348.00 | 227.07 | 575.07 | OK | |
| r-devel-linux-x86_64-fedora-gcc | 1.9.0 | 1140.00 | -397.27 | 742.73 | OK | |
| r-devel-windows-x86_64 | 1.9.0 | 164.00 | 211.00 | 375.00 | OK | |
| r-patched-linux-x86_64 | 1.9.0 | 220.89 | 185.67 | 406.56 | OK | |
| r-release-linux-x86_64 | 1.9.0 | 224.55 | 184.47 | 409.02 | OK | |
| r-release-macos-arm64 | 1.9.0 | 69.00 | 70.00 | 139.00 | OK | |
| r-release-macos-x86_64 | 1.9.0 | 210.00 | 156.00 | 366.00 | OK | |
| r-release-windows-x86_64 | 1.9.0 | 178.00 | 200.00 | 378.00 | OK | |
| r-oldrel-macos-arm64 | 1.9.0 | 72.00 | 75.00 | 147.00 | NOTE | |
| r-oldrel-macos-x86_64 | 1.9.0 | 184.00 | 171.00 | 355.00 | NOTE | |
| r-oldrel-windows-x86_64 | 1.9.0 | 275.00 | 272.00 | 547.00 | NOTE |
Version: 1.9.0
Check: installed package size
Result: NOTE
installed size is 56.0Mb
sub-directories of 1Mb or more:
R 2.1Mb
libs 53.4Mb
Flavors: r-oldrel-macos-arm64, r-oldrel-macos-x86_64, r-oldrel-windows-x86_64