Last updated on 2025-11-18 17:48:41 CET.
| Flavor | Version | Tinstall | Tcheck | Ttotal | Status | Flags |
|---|---|---|---|---|---|---|
| r-devel-linux-x86_64-debian-clang | 0.2-10 | 121.15 | 26.53 | 147.68 | OK | |
| r-devel-linux-x86_64-debian-gcc | 0.2-10 | 76.57 | 21.22 | 97.79 | OK | |
| r-devel-linux-x86_64-fedora-clang | 0.2-10 | 357.00 | -13.41 | 343.59 | OK | |
| r-devel-linux-x86_64-fedora-gcc | 0.2-10 | 229.00 | 10.49 | 239.49 | OK | |
| r-devel-windows-x86_64 | 0.2-10 | 175.00 | 78.00 | 253.00 | OK | |
| r-patched-linux-x86_64 | 0.2-10 | 111.41 | 25.17 | 136.58 | OK | |
| r-release-linux-x86_64 | 0.2-10 | 113.02 | 24.83 | 137.85 | OK | |
| r-release-macos-arm64 | 0.2-10 | 44.00 | 17.00 | 61.00 | OK | |
| r-release-macos-x86_64 | 0.2-10 | 43.00 | 30.00 | 73.00 | OK | |
| r-release-windows-x86_64 | 0.2-10 | 149.00 | 79.00 | 228.00 | OK | |
| r-oldrel-macos-arm64 | 0.2-10 | 40.00 | 17.00 | 57.00 | NOTE | |
| r-oldrel-macos-x86_64 | 0.2-10 | 37.00 | 32.00 | 69.00 | NOTE | |
| r-oldrel-windows-x86_64 | 0.2-10 | 150.00 | 126.00 | 276.00 | OK |
Version: 0.2-10
Check: installed package size
Result: NOTE
installed size is 8.5Mb
sub-directories of 1Mb or more:
libs 8.4Mb
Flavors: r-oldrel-macos-arm64, r-oldrel-macos-x86_64