Last updated on 2025-07-15 13:49:32 CEST.
Flavor | Version | Tinstall | Tcheck | Ttotal | Status | Flags |
---|---|---|---|---|---|---|
r-devel-linux-x86_64-debian-clang | 0.3.7 | 39.49 | 65.42 | 104.91 | NOTE | |
r-devel-linux-x86_64-debian-gcc | 0.3.7 | 26.94 | 49.87 | 76.81 | NOTE | |
r-devel-linux-x86_64-fedora-clang | 0.3.7 | 162.48 | NOTE | |||
r-devel-linux-x86_64-fedora-gcc | 0.3.7 | 181.48 | NOTE | |||
r-devel-windows-x86_64 | 0.3.7 | 37.00 | 101.00 | 138.00 | NOTE | |
r-patched-linux-x86_64 | 0.3.7 | 38.69 | 62.59 | 101.28 | NOTE | |
r-release-linux-x86_64 | 0.3.7 | 38.41 | 63.91 | 102.32 | NOTE | |
r-release-macos-arm64 | 0.3.7 | 64.00 | NOTE | |||
r-release-macos-x86_64 | 0.3.7 | 99.00 | NOTE | |||
r-release-windows-x86_64 | 0.3.7 | 35.00 | 105.00 | 140.00 | NOTE | |
r-oldrel-macos-arm64 | 0.3.7 | 53.00 | NOTE | |||
r-oldrel-macos-x86_64 | 0.3.7 | 82.00 | NOTE | |||
r-oldrel-windows-x86_64 | 0.3.7 | 45.00 | 121.00 | 166.00 | NOTE |
Version: 0.3.7
Check: C++ specification
Result: NOTE
Specified C++11: please drop specification unless essential
Flavors: r-devel-linux-x86_64-debian-clang, r-devel-linux-x86_64-debian-gcc, r-devel-linux-x86_64-fedora-clang, r-devel-linux-x86_64-fedora-gcc, r-devel-windows-x86_64, r-patched-linux-x86_64, r-release-linux-x86_64, r-release-macos-arm64, r-release-macos-x86_64, r-release-windows-x86_64, r-oldrel-macos-arm64, r-oldrel-macos-x86_64, r-oldrel-windows-x86_64
Version: 0.3.7
Check: installed package size
Result: NOTE
installed size is 9.3Mb
sub-directories of 1Mb or more:
libs 9.1Mb
Flavors: r-oldrel-macos-arm64, r-oldrel-macos-x86_64