Last updated on 2025-11-12 12:53:20 CET.
| Flavor | Version | Tinstall | Tcheck | Ttotal | Status | Flags |
|---|---|---|---|---|---|---|
| r-devel-linux-x86_64-debian-clang | 0.7.12 | 23.86 | 181.32 | 205.18 | OK | |
| r-devel-linux-x86_64-debian-gcc | 0.7.12 | 19.24 | 135.99 | 155.23 | OK | |
| r-devel-linux-x86_64-fedora-clang | 0.7.12 | 62.00 | 271.79 | 333.79 | OK | |
| r-devel-linux-x86_64-fedora-gcc | 0.7.12 | 60.00 | 256.36 | 316.36 | OK | |
| r-devel-windows-x86_64 | 0.7.12 | 33.00 | 254.00 | 287.00 | OK | |
| r-patched-linux-x86_64 | 0.7.12 | 30.15 | 182.51 | 212.66 | OK | |
| r-release-linux-x86_64 | 0.7.12 | 27.16 | 183.82 | 210.98 | OK | |
| r-release-macos-arm64 | 0.7.12 | 23.00 | 59.00 | 82.00 | OK | |
| r-release-macos-x86_64 | 0.7.12 | 22.00 | 98.00 | 120.00 | OK | |
| r-release-windows-x86_64 | 0.7.12 | 39.00 | 248.00 | 287.00 | OK | |
| r-oldrel-macos-arm64 | 0.7.12 | 24.00 | 107.00 | 131.00 | NOTE | |
| r-oldrel-macos-x86_64 | 0.7.12 | 20.00 | 101.00 | 121.00 | NOTE | |
| r-oldrel-windows-x86_64 | 0.7.12 | 36.00 | 230.00 | 266.00 | NOTE |
Version: 0.7.12
Check: package dependencies
Result: NOTE
Package suggested but not available for checking: ‘ROpenOffice’
Flavors: r-oldrel-macos-arm64, r-oldrel-macos-x86_64, r-oldrel-windows-x86_64