Last updated on 2025-10-31 14:49:50 CET.
| Flavor | Version | Tinstall | Tcheck | Ttotal | Status | Flags | 
|---|---|---|---|---|---|---|
| r-devel-linux-x86_64-debian-clang | 0.3.3 | 7.01 | 70.56 | 77.57 | NOTE | |
| r-devel-linux-x86_64-debian-gcc | 0.3.3 | 4.58 | 53.87 | 58.45 | NOTE | |
| r-devel-linux-x86_64-fedora-clang | 0.3.3 | 17.00 | 105.63 | 122.63 | OK | |
| r-devel-linux-x86_64-fedora-gcc | 0.3.3 | 17.00 | 117.62 | 134.62 | OK | |
| r-devel-windows-x86_64 | 0.3.3 | 8.00 | 123.00 | 131.00 | OK | |
| r-patched-linux-x86_64 | 0.3.3 | 6.71 | 67.53 | 74.24 | OK | |
| r-release-linux-x86_64 | 0.3.3 | 5.47 | 68.13 | 73.60 | OK | |
| r-release-macos-arm64 | 0.3.3 | 4.00 | 52.00 | 56.00 | OK | |
| r-release-macos-x86_64 | 0.3.3 | 6.00 | 80.00 | 86.00 | OK | |
| r-release-windows-x86_64 | 0.3.3 | 8.00 | 135.00 | 143.00 | OK | |
| r-oldrel-macos-arm64 | 0.3.3 | 3.00 | 41.00 | 44.00 | OK | |
| r-oldrel-macos-x86_64 | 0.3.3 | 5.00 | 58.00 | 63.00 | OK | |
| r-oldrel-windows-x86_64 | 0.3.3 | 11.00 | 110.00 | 121.00 | OK | 
Version: 0.3.3
Check: CRAN incoming feasibility
Result: NOTE
  Maintainer: ‘Qiao Liu <liuqiao@stanford.edu>’
  
  The Description field contains
    methods is given in Liu (2022) <arXiv:2212.05925>.
  Please refer to arXiv e-prints via their arXiv DOI <doi:10.48550/arXiv.YYMM.NNNNN>.
Flavors: r-devel-linux-x86_64-debian-clang, r-devel-linux-x86_64-debian-gcc