Last updated on 2025-07-17 05:49:59 CEST.
Flavor | Version | Tinstall | Tcheck | Ttotal | Status | Flags |
---|---|---|---|---|---|---|
r-devel-linux-x86_64-debian-clang | 1.0.2 | 9.96 | 21.86 | 31.82 | OK | |
r-devel-linux-x86_64-debian-gcc | 1.0.2 | 6.96 | 18.06 | 25.02 | OK | |
r-devel-linux-x86_64-fedora-clang | 1.0.2 | 45.57 | OK | |||
r-devel-linux-x86_64-fedora-gcc | 1.0.2 | 44.11 | OK | |||
r-devel-windows-x86_64 | 1.0.2 | 10.00 | 41.00 | 51.00 | OK | |
r-patched-linux-x86_64 | 1.0.2 | 9.41 | 19.63 | 29.04 | OK | |
r-release-linux-x86_64 | 1.0.2 | 9.03 | 20.04 | 29.07 | OK | |
r-release-macos-arm64 | 1.0.2 | 19.00 | OK | |||
r-release-macos-x86_64 | 1.0.2 | 39.00 | OK | |||
r-release-windows-x86_64 | 1.0.2 | 10.00 | 41.00 | 51.00 | OK | |
r-oldrel-macos-arm64 | 1.0.2 | 22.00 | NOTE | |||
r-oldrel-macos-x86_64 | 1.0.2 | 35.00 | NOTE | |||
r-oldrel-windows-x86_64 | 1.0.2 | 10.00 | 54.00 | 64.00 | OK |
Version: 1.0.2
Check: installed package size
Result: NOTE
installed size is 5.4Mb
sub-directories of 1Mb or more:
data 5.2Mb
Flavors: r-oldrel-macos-arm64, r-oldrel-macos-x86_64