Last updated on 2025-10-26 09:50:08 CET.
| Flavor | Version | Tinstall | Tcheck | Ttotal | Status | Flags |
|---|---|---|---|---|---|---|
| r-devel-linux-x86_64-debian-clang | 0.1.3 | 3.12 | 30.21 | 33.33 | NOTE | |
| r-devel-linux-x86_64-debian-gcc | 0.1.3 | 2.48 | 24.02 | 26.50 | NOTE | |
| r-devel-linux-x86_64-fedora-clang | 0.1.3 | 53.22 | NOTE | |||
| r-devel-linux-x86_64-fedora-gcc | 0.1.3 | 63.85 | NOTE | |||
| r-devel-windows-x86_64 | 0.1.3 | 5.00 | 49.00 | 54.00 | NOTE | |
| r-patched-linux-x86_64 | 0.1.3 | 3.54 | 28.43 | 31.97 | NOTE | |
| r-release-linux-x86_64 | 0.1.3 | 3.20 | 28.52 | 31.72 | NOTE | |
| r-release-macos-arm64 | 0.1.3 | 2.00 | 28.00 | 30.00 | NOTE | |
| r-release-macos-x86_64 | 0.1.3 | 4.00 | 45.00 | 49.00 | NOTE | |
| r-release-windows-x86_64 | 0.1.3 | 6.00 | 51.00 | 57.00 | NOTE | |
| r-oldrel-macos-arm64 | 0.1.3 | 2.00 | 24.00 | 26.00 | NOTE | |
| r-oldrel-macos-x86_64 | 0.1.3 | 3.00 | 35.00 | 38.00 | NOTE | |
| r-oldrel-windows-x86_64 | 0.1.3 | 7.00 | 55.00 | 62.00 | NOTE |
Version: 0.1.3
Check: package subdirectories
Result: NOTE
Problems with news in ‘NEWS.md’:
No news entries found.
Flavors: r-devel-linux-x86_64-debian-clang, r-devel-linux-x86_64-debian-gcc, r-devel-linux-x86_64-fedora-clang, r-devel-linux-x86_64-fedora-gcc, r-devel-windows-x86_64, r-patched-linux-x86_64, r-release-linux-x86_64, r-release-macos-arm64, r-release-macos-x86_64, r-release-windows-x86_64, r-oldrel-macos-arm64, r-oldrel-macos-x86_64, r-oldrel-windows-x86_64