Last updated on 2025-10-30 05:51:22 CET.
| Flavor | Version | Tinstall | Tcheck | Ttotal | Status | Flags |
|---|---|---|---|---|---|---|
| r-devel-linux-x86_64-debian-clang | 0.2.1 | 34.09 | 426.34 | 460.43 | OK | |
| r-devel-linux-x86_64-debian-gcc | 0.2.1 | 26.53 | 300.50 | 327.03 | OK | |
| r-devel-linux-x86_64-fedora-clang | 0.2.1 | 182.00 | 603.58 | 785.58 | OK | |
| r-devel-linux-x86_64-fedora-gcc | 0.2.1 | 199.00 | 572.68 | 771.68 | OK | |
| r-devel-windows-x86_64 | 0.2.1 | 36.00 | 387.00 | 423.00 | OK | |
| r-patched-linux-x86_64 | 0.2.1 | 0.37 | 1.89 | 2.26 | ERROR | |
| r-release-linux-x86_64 | 0.2.1 | 32.35 | 410.43 | 442.78 | OK | |
| r-release-macos-arm64 | 0.2.1 | 14.00 | 152.00 | 166.00 | OK | |
| r-release-macos-x86_64 | 0.2.1 | 40.00 | 364.00 | 404.00 | OK | |
| r-release-windows-x86_64 | 0.2.1 | 39.00 | 379.00 | 418.00 | OK | |
| r-oldrel-macos-arm64 | 0.2.1 | 16.00 | 146.00 | 162.00 | OK | |
| r-oldrel-macos-x86_64 | 0.2.1 | 65.00 | 459.00 | 524.00 | NOTE | |
| r-oldrel-windows-x86_64 | 0.2.1 | 52.00 | 524.00 | 576.00 | OK |
Version: 0.2.1
Check: package dependencies
Result: ERROR
Packages required but not available:
'ensembldb', 'DESeq2', 'SummarizedExperiment'
Packages suggested but not available for checking: 'recount3', 'apeglm'
See section ‘The DESCRIPTION file’ in the ‘Writing R Extensions’
manual.
Flavor: r-patched-linux-x86_64
Version: 0.2.1
Check: installed package size
Result: NOTE
installed size is 5.5Mb
sub-directories of 1Mb or more:
data 3.0Mb
doc 2.3Mb
Flavor: r-oldrel-macos-x86_64