Last updated on 2025-11-04 09:50:08 CET.
| Flavor | Version | Tinstall | Tcheck | Ttotal | Status | Flags | 
|---|---|---|---|---|---|---|
| r-devel-linux-x86_64-debian-clang | 0.3 | 2.12 | 24.98 | 27.10 | NOTE | |
| r-devel-linux-x86_64-debian-gcc | 0.3 | 1.48 | 19.64 | 21.12 | NOTE | |
| r-devel-linux-x86_64-fedora-clang | 0.3 | 40.69 | OK | |||
| r-devel-linux-x86_64-fedora-gcc | 0.3 | 39.08 | OK | |||
| r-devel-windows-x86_64 | 0.3 | 4.00 | 44.00 | 48.00 | OK | |
| r-patched-linux-x86_64 | 0.3 | 2.21 | 23.83 | 26.04 | OK | |
| r-release-linux-x86_64 | 0.3 | 2.00 | 23.67 | 25.67 | OK | |
| r-release-macos-arm64 | 0.3 | 1.00 | 16.00 | 17.00 | OK | |
| r-release-macos-x86_64 | 0.3 | 2.00 | 25.00 | 27.00 | OK | |
| r-release-windows-x86_64 | 0.3 | 3.00 | 43.00 | 46.00 | OK | |
| r-oldrel-macos-arm64 | 0.3 | 1.00 | 15.00 | 16.00 | OK | |
| r-oldrel-macos-x86_64 | 0.3 | 2.00 | 21.00 | 23.00 | OK | |
| r-oldrel-windows-x86_64 | 0.3 | 3.00 | 43.00 | 46.00 | OK | 
Version: 0.3
Check: CRAN incoming feasibility
Result: NOTE
  Maintainer: ‘Alberto Krone-Martins <algol@sim.ul.pt>’
  
  No Authors@R field in DESCRIPTION.
  Please add one, modifying
    Authors@R: person(given = "Alberto",
                      family = "Krone-Martins",
                      role = c("aut", "cre"),
                      email = "algol@sim.ul.pt")
  as necessary.
Flavors: r-devel-linux-x86_64-debian-clang, r-devel-linux-x86_64-debian-gcc