Last updated on 2025-11-11 21:49:15 CET.
| Flavor | Version | Tinstall | Tcheck | Ttotal | Status | Flags |
|---|---|---|---|---|---|---|
| r-devel-linux-x86_64-debian-clang | 3.7.0 | 4.98 | 55.90 | 60.88 | NOTE | |
| r-devel-linux-x86_64-debian-gcc | 3.7.0 | 3.25 | 39.03 | 42.28 | NOTE | |
| r-devel-linux-x86_64-fedora-clang | 3.7.0 | 11.00 | 86.98 | 97.98 | NOTE | |
| r-devel-linux-x86_64-fedora-gcc | 3.7.0 | 11.00 | 76.85 | 87.85 | NOTE | |
| r-devel-windows-x86_64 | 3.7.0 | 6.00 | 768.00 | 774.00 | NOTE | |
| r-patched-linux-x86_64 | 3.7.0 | 5.59 | 51.53 | 57.12 | NOTE | |
| r-release-linux-x86_64 | 3.7.0 | 3.84 | 52.14 | 55.98 | NOTE | |
| r-release-macos-arm64 | 3.7.0 | 2.00 | 30.00 | 32.00 | NOTE | |
| r-release-macos-x86_64 | 3.7.0 | 4.00 | 46.00 | 50.00 | NOTE | |
| r-release-windows-x86_64 | 3.7.0 | 6.00 | 742.00 | 748.00 | NOTE | |
| r-oldrel-macos-arm64 | 3.7.0 | 2.00 | 28.00 | 30.00 | NOTE | |
| r-oldrel-macos-x86_64 | 3.7.0 | 3.00 | 38.00 | 41.00 | NOTE | |
| r-oldrel-windows-x86_64 | 3.7.0 | 7.00 | 1006.00 | 1013.00 | NOTE |
Version: 3.7.0
Check: Rd files
Result: NOTE
checkRd: (-1) setOption.Matlab.Rd:37-39: Lost braces in \itemize; meant \describe ?
checkRd: (-1) setOption.Matlab.Rd:40-41: Lost braces in \itemize; meant \describe ?
Flavors: r-devel-linux-x86_64-debian-clang, r-devel-linux-x86_64-debian-gcc, r-devel-linux-x86_64-fedora-clang, r-devel-linux-x86_64-fedora-gcc, r-devel-windows-x86_64, r-patched-linux-x86_64, r-release-linux-x86_64, r-release-macos-arm64, r-release-macos-x86_64, r-release-windows-x86_64, r-oldrel-macos-arm64, r-oldrel-macos-x86_64, r-oldrel-windows-x86_64