Last updated on 2025-11-15 05:49:01 CET.
| Flavor | Version | Tinstall | Tcheck | Ttotal | Status | Flags |
|---|---|---|---|---|---|---|
| r-devel-linux-x86_64-debian-clang | 2.17.2 | 3.68 | 61.99 | 65.67 | OK | |
| r-devel-linux-x86_64-debian-gcc | 2.17.2 | 2.75 | 46.51 | 49.26 | OK | |
| r-devel-linux-x86_64-fedora-clang | 2.17.2 | 17.00 | 89.71 | 106.71 | OK | |
| r-devel-linux-x86_64-fedora-gcc | 2.17.2 | 111.87 | OK | |||
| r-devel-windows-x86_64 | 2.17.2 | 9.00 | 99.00 | 108.00 | OK | |
| r-patched-linux-x86_64 | 2.17.2 | 4.64 | 60.04 | 64.68 | OK | |
| r-release-linux-x86_64 | 2.17.2 | 4.01 | 60.03 | 64.04 | OK | |
| r-release-macos-arm64 | 2.17.2 | 3.00 | 61.00 | 64.00 | OK | |
| r-release-macos-x86_64 | 2.17.2 | 10.00 | 104.00 | 114.00 | OK | |
| r-release-windows-x86_64 | 2.17.2 | 6.00 | 98.00 | 104.00 | OK | |
| r-oldrel-macos-arm64 | 2.17.2 | 2.00 | 38.00 | 40.00 | OK | |
| r-oldrel-macos-x86_64 | 2.17.2 | 3.00 | 45.00 | 48.00 | NOTE | |
| r-oldrel-windows-x86_64 | 2.17.2 | 7.00 | 113.00 | 120.00 | OK |
Version: 2.17.2
Check: package vignettes
Result: NOTE
Package has ‘vignettes’ subdirectory but apparently no vignettes.
Perhaps the ‘VignetteBuilder’ information is missing from the
DESCRIPTION file?
Flavor: r-oldrel-macos-x86_64