Last updated on 2025-11-12 01:49:06 CET.
| Flavor | Version | Tinstall | Tcheck | Ttotal | Status | Flags |
|---|---|---|---|---|---|---|
| r-devel-linux-x86_64-debian-clang | 2.1.4 | 52.26 | 386.78 | 439.04 | OK | |
| r-devel-linux-x86_64-debian-gcc | 2.1.4 | 31.09 | 249.09 | 280.18 | OK | |
| r-devel-linux-x86_64-fedora-clang | 2.1.4 | 186.00 | 524.06 | 710.06 | OK | |
| r-devel-linux-x86_64-fedora-gcc | 2.1.4 | 100.00 | 567.60 | 667.60 | OK | |
| r-devel-windows-x86_64 | 2.1.4 | 45.00 | 307.00 | 352.00 | OK | |
| r-patched-linux-x86_64 | 2.1.4 | 49.28 | 365.32 | 414.60 | OK | |
| r-release-linux-x86_64 | 2.1.4 | 47.82 | 368.29 | 416.11 | OK | |
| r-release-macos-arm64 | 2.1.4 | 17.00 | 152.00 | 169.00 | OK | |
| r-release-macos-x86_64 | 2.1.4 | 50.00 | 354.00 | 404.00 | OK | |
| r-release-windows-x86_64 | 2.1.4 | 40.00 | 290.00 | 330.00 | OK | |
| r-oldrel-macos-arm64 | 2.1.4 | 18.00 | 133.00 | 151.00 | NOTE | |
| r-oldrel-macos-x86_64 | 2.1.4 | 42.00 | 340.00 | 382.00 | NOTE | |
| r-oldrel-windows-x86_64 | 2.1.4 | 63.00 | 425.00 | 488.00 | OK |
Version: 2.1.4
Check: package dependencies
Result: NOTE
Package suggested but not available for checking: ‘INLA’
Flavors: r-oldrel-macos-arm64, r-oldrel-macos-x86_64
Version: 2.1.4
Check: Rd cross-references
Result: NOTE
Package unavailable to check Rd xrefs: ‘INLA’
Flavors: r-oldrel-macos-arm64, r-oldrel-macos-x86_64