Last updated on 2025-11-04 01:51:15 CET.
| Flavor | Version | Tinstall | Tcheck | Ttotal | Status | Flags | 
|---|---|---|---|---|---|---|
| r-devel-linux-x86_64-debian-clang | 1.0 | 6.38 | 59.58 | 65.96 | NOTE | |
| r-devel-linux-x86_64-debian-gcc | 1.0 | 4.18 | 43.81 | 47.99 | NOTE | |
| r-devel-linux-x86_64-fedora-clang | 1.0 | 15.00 | 88.73 | 103.73 | OK | |
| r-devel-linux-x86_64-fedora-gcc | 1.0 | 13.00 | 81.26 | 94.26 | OK | |
| r-devel-windows-x86_64 | 1.0 | 7.00 | 72.00 | 79.00 | OK | |
| r-patched-linux-x86_64 | 1.0 | 6.69 | 56.61 | 63.30 | OK | |
| r-release-linux-x86_64 | 1.0 | 6.45 | 57.09 | 63.54 | OK | |
| r-release-macos-arm64 | 1.0 | 3.00 | 29.00 | 32.00 | OK | |
| r-release-macos-x86_64 | 1.0 | 6.00 | 55.00 | 61.00 | OK | |
| r-release-windows-x86_64 | 1.0 | 8.00 | 67.00 | 75.00 | OK | |
| r-oldrel-macos-arm64 | 1.0 | 3.00 | 29.00 | 32.00 | OK | |
| r-oldrel-macos-x86_64 | 1.0 | 5.00 | 44.00 | 49.00 | OK | |
| r-oldrel-windows-x86_64 | 1.0 | 10.00 | 85.00 | 95.00 | OK | 
Version: 1.0
Check: CRAN incoming feasibility
Result: NOTE
  Maintainer: ‘Edilberto Cepeda <ecepedac@unal.edu.co>’
  
  No Authors@R field in DESCRIPTION.
  Please add one, modifying
    Authors@R: c(person(given = "Edilberto",
                        family = "Cepeda-Cuervo",
                        role = "aut"),
                 person(given = c("Maria", "Victoria"),
                        family = "Cifuentes-Amado",
                        role = "aut"),
                 person(given = "Margarita",
                        family = "Marin",
                        role = "aut"),
                 person(given = "Edilberto",
                        family = "Cepeda",
                        role = "cre",
                        email = "ecepedac@unal.edu.co"))
  as necessary.
Flavors: r-devel-linux-x86_64-debian-clang, r-devel-linux-x86_64-debian-gcc