Last updated on 2025-10-31 05:48:47 CET.
| Flavor | Version | Tinstall | Tcheck | Ttotal | Status | Flags | 
|---|---|---|---|---|---|---|
| r-devel-linux-x86_64-debian-clang | 0.2.0 | 54.49 | 119.50 | 173.99 | NOTE | |
| r-devel-linux-x86_64-debian-gcc | 0.2.0 | 34.67 | 85.85 | 120.52 | NOTE | |
| r-devel-linux-x86_64-fedora-clang | 0.2.0 | 110.00 | 190.41 | 300.41 | NOTE | |
| r-devel-linux-x86_64-fedora-gcc | 0.2.0 | 94.00 | 216.76 | 310.76 | NOTE | |
| r-devel-windows-x86_64 | 0.2.0 | 63.00 | 143.00 | 206.00 | NOTE | |
| r-patched-linux-x86_64 | 0.2.0 | 53.24 | 115.54 | 168.78 | NOTE | |
| r-release-linux-x86_64 | 0.2.0 | 52.14 | 114.45 | 166.59 | NOTE | |
| r-release-macos-arm64 | 0.2.0 | 25.00 | 66.00 | 91.00 | NOTE | |
| r-release-macos-x86_64 | 0.2.0 | 30.00 | 157.00 | 187.00 | NOTE | |
| r-release-windows-x86_64 | 0.2.0 | 67.00 | 147.00 | 214.00 | NOTE | |
| r-oldrel-macos-arm64 | 0.2.0 | 11.00 | 37.00 | 48.00 | NOTE | |
| r-oldrel-macos-x86_64 | 0.2.0 | 10.00 | 62.00 | 72.00 | NOTE | |
| r-oldrel-windows-x86_64 | 0.2.0 | 67.00 | 174.00 | 241.00 | NOTE | 
Version: 0.2.0
Check: CRAN incoming feasibility
Result: NOTE
  Maintainer: ‘Marc A. Suchard <msuchard@ucla.edu>’
  
  No Authors@R field in DESCRIPTION.
  Please add one, modifying
    Authors@R: c(person(given = c("Lam", "S.T."),
                        family = "Ho",
                        role = c("aut", "cre")),
                 person(given = c("Marc", "A."),
                        family = "Suchard",
                        role = c("aut", "cre"),
                        email = "msuchard@ucla.edu"),
                 person(given = c("Forrest", "W."),
                        family = "Crawford",
                        role = "aut"),
                 person(given = "Jason",
                        family = "Xu",
                        role = "ctb"),
                 person(given = c("Vladimir", "N."),
                        family = "Minin",
                        role = "ctb"))
  as necessary.
Flavors: r-devel-linux-x86_64-debian-clang, r-devel-linux-x86_64-debian-gcc
Version: 0.2.0
Check: C++ specification
Result: NOTE
    Specified C++11: please drop specification unless essential
Flavors: r-devel-linux-x86_64-debian-clang, r-devel-linux-x86_64-debian-gcc, r-devel-linux-x86_64-fedora-clang, r-devel-linux-x86_64-fedora-gcc, r-devel-windows-x86_64, r-patched-linux-x86_64, r-release-linux-x86_64, r-release-macos-arm64, r-release-macos-x86_64, r-release-windows-x86_64, r-oldrel-macos-arm64, r-oldrel-macos-x86_64, r-oldrel-windows-x86_64
Version: 0.2.0
Check: compiled code
Result: NOTE
  File ‘MultiBD/libs/MultiBD.so’:
    Found no calls to: ‘R_registerRoutines’, ‘R_useDynamicSymbols’
  
  It is good practice to register native routines and to disable symbol
  search.
  
  See ‘Writing portable packages’ in the ‘Writing R Extensions’ manual.
Flavors: r-devel-linux-x86_64-fedora-clang, r-devel-linux-x86_64-fedora-gcc
Version: 0.2.0
Check: installed package size
Result: NOTE
    installed size is  6.1Mb
    sub-directories of 1Mb or more:
      libs   4.5Mb
Flavors: r-oldrel-macos-arm64, r-oldrel-macos-x86_64