CRAN Package Check Results for Package MariNET

Last updated on 2025-11-01 01:50:36 CET.

Flavor Version Tinstall Tcheck Ttotal Status Flags
r-devel-linux-x86_64-debian-clang 1.0.0 13.76 141.04 154.80 OK
r-devel-linux-x86_64-debian-gcc 1.0.0 7.63 104.78 112.41 OK
r-devel-linux-x86_64-fedora-clang 1.0.0 113.00 147.67 260.67 OK
r-devel-linux-x86_64-fedora-gcc 1.0.0 107.00 161.50 268.50 OK
r-devel-windows-x86_64 1.0.0 15.00 126.00 141.00 OK
r-patched-linux-x86_64 1.0.0 13.33 133.78 147.11 OK
r-release-linux-x86_64 1.0.0 14.92 135.50 150.42 OK
r-release-macos-arm64 1.0.0 5.00 59.00 64.00 OK
r-release-macos-x86_64 1.0.0 11.00 115.00 126.00 OK
r-release-windows-x86_64 1.0.0 17.00 130.00 147.00 OK
r-oldrel-macos-arm64 1.0.0 5.00 59.00 64.00 OK
r-oldrel-macos-x86_64 1.0.0 10.00 117.00 127.00 OK
r-oldrel-windows-x86_64 1.0.0 22.00 165.00 187.00 ERROR

Check Details

Version: 1.0.0
Check: re-building of vignette outputs
Result: ERROR Error(s) in re-building vignettes: --- re-building 'my-vignette.Rmd' using rmarkdown The magick package is required to crop "D:/RCompile/CRANpkg/local/4.4/MariNET.Rcheck/vign_test/MariNET/vignettes/my-vignette_files/figure-html/qgraph-plot2-1.png" but not available. The magick package is required to crop "D:/RCompile/CRANpkg/local/4.4/MariNET.Rcheck/vign_test/MariNET/vignettes/my-vignette_files/figure-html/qgraph-plot3-1.png" but not available. The magick package is required to crop "D:/RCompile/CRANpkg/local/4.4/MariNET.Rcheck/vign_test/MariNET/vignettes/my-vignette_files/figure-html/qgraph-plot4-1.png" but not available. File styles.css not found in resource path Error: processing vignette 'my-vignette.Rmd' failed with diagnostics: pandoc document conversion failed with error 99 --- failed re-building 'my-vignette.Rmd' SUMMARY: processing the following file failed: 'my-vignette.Rmd' Error: Vignette re-building failed. Execution halted Flavor: r-oldrel-windows-x86_64