Last updated on 2025-11-15 17:48:55 CET.
| Flavor | Version | Tinstall | Tcheck | Ttotal | Status | Flags |
|---|---|---|---|---|---|---|
| r-devel-linux-x86_64-debian-clang | 3.0.3 | 69.81 | 83.88 | 153.69 | OK | |
| r-devel-linux-x86_64-debian-gcc | 3.0.3 | 56.93 | 66.60 | 123.53 | OK | |
| r-devel-linux-x86_64-fedora-clang | 3.0.3 | 265.00 | -12.46 | 252.54 | OK | |
| r-devel-linux-x86_64-fedora-gcc | 3.0.3 | 203.00 | 63.75 | 266.75 | OK | |
| r-devel-windows-x86_64 | 3.0.3 | 78.00 | 104.00 | 182.00 | OK | |
| r-patched-linux-x86_64 | 3.0.3 | 78.41 | 87.04 | 165.45 | OK | |
| r-release-linux-x86_64 | 3.0.3 | 74.87 | 86.46 | 161.33 | OK | |
| r-release-macos-arm64 | 3.0.3 | 33.00 | 45.00 | 78.00 | OK | |
| r-release-macos-x86_64 | 3.0.3 | 57.00 | 74.00 | 131.00 | OK | |
| r-release-windows-x86_64 | 3.0.3 | 67.00 | 105.00 | 172.00 | OK | |
| r-oldrel-macos-arm64 | 3.0.3 | 30.00 | 42.00 | 72.00 | NOTE | |
| r-oldrel-macos-x86_64 | 3.0.3 | 83.00 | 112.00 | 195.00 | NOTE | |
| r-oldrel-windows-x86_64 | 3.0.3 | 81.00 | 136.00 | 217.00 | OK |
Version: 3.0.3
Check: installed package size
Result: NOTE
installed size is 28.6Mb
sub-directories of 1Mb or more:
libs 27.9Mb
Flavors: r-oldrel-macos-arm64, r-oldrel-macos-x86_64