Last updated on 2025-11-04 01:51:11 CET.
| Flavor | Version | Tinstall | Tcheck | Ttotal | Status | Flags | 
|---|---|---|---|---|---|---|
| r-devel-linux-x86_64-debian-clang | 0.9-3 | 6.22 | 43.02 | 49.24 | NOTE | |
| r-devel-linux-x86_64-debian-gcc | 0.9-3 | 4.36 | 31.05 | 35.41 | NOTE | |
| r-devel-linux-x86_64-fedora-clang | 0.9-3 | 24.00 | 55.16 | 79.16 | NOTE | |
| r-devel-linux-x86_64-fedora-gcc | 0.9-3 | 13.00 | 57.92 | 70.92 | NOTE | |
| r-devel-windows-x86_64 | 0.9-3 | 7.00 | 73.00 | 80.00 | NOTE | |
| r-patched-linux-x86_64 | 0.9-3 | 6.79 | 40.38 | 47.17 | NOTE | |
| r-release-linux-x86_64 | 0.9-3 | 6.00 | 40.00 | 46.00 | NOTE | |
| r-release-macos-arm64 | 0.9-3 | 3.00 | 25.00 | 28.00 | NOTE | |
| r-release-macos-x86_64 | 0.9-3 | 6.00 | 42.00 | 48.00 | NOTE | |
| r-release-windows-x86_64 | 0.9-3 | 7.00 | 68.00 | 75.00 | NOTE | |
| r-oldrel-macos-arm64 | 0.9-3 | 3.00 | 23.00 | 26.00 | NOTE | |
| r-oldrel-macos-x86_64 | 0.9-3 | 7.00 | 44.00 | 51.00 | NOTE | |
| r-oldrel-windows-x86_64 | 0.9-3 | 9.00 | 88.00 | 97.00 | NOTE | 
Version: 0.9-3
Check: CRAN incoming feasibility
Result: NOTE
  Maintainer: ‘Steve Walker <steve.walker@utoronto.ca>’
  
  No Authors@R field in DESCRIPTION.
  Please add one, modifying
    Authors@R: c(person(given = "Douglas",
                        family = "Bates",
                        role = "aut",
                        email = "bates@stat.wisc.edu"),
                 person(given = "Martin",
                        family = "Maechler",
                        role = "aut",
                        email = "maechler@R-project.org"),
                 person(given = "Ben",
                        family = "Bolker",
                        role = "aut",
                        email = "bbolker@gmail.com"),
                 person(given = "Steve",
                        family = "Walker",
                        role = "cre",
                        email = "steve.walker@utoronto.ca"))
  as necessary.
Flavors: r-devel-linux-x86_64-debian-clang, r-devel-linux-x86_64-debian-gcc
Version: 0.9-3
Check: Rd files
Result: NOTE
  checkRd: (-1) Soybean.Rd:15: Escaped LaTeX specials: \#
  checkRd: (-1) Soybean.Rd:33: Escaped LaTeX specials: \#
Flavors: r-devel-linux-x86_64-debian-clang, r-devel-linux-x86_64-debian-gcc, r-devel-linux-x86_64-fedora-clang, r-devel-linux-x86_64-fedora-gcc, r-devel-windows-x86_64, r-patched-linux-x86_64, r-release-linux-x86_64, r-release-macos-arm64, r-release-macos-x86_64, r-release-windows-x86_64, r-oldrel-macos-arm64, r-oldrel-macos-x86_64, r-oldrel-windows-x86_64