Last updated on 2025-10-31 09:50:21 CET.
| Flavor | Version | Tinstall | Tcheck | Ttotal | Status | Flags | 
|---|---|---|---|---|---|---|
| r-devel-linux-x86_64-debian-clang | 1.10 | 6.90 | 67.48 | 74.38 | NOTE | |
| r-devel-linux-x86_64-debian-gcc | 1.10 | 5.57 | 50.14 | 55.71 | NOTE | |
| r-devel-linux-x86_64-fedora-clang | 1.10 | 17.00 | 95.99 | 112.99 | NOTE | |
| r-devel-linux-x86_64-fedora-gcc | 1.10 | 18.00 | 106.30 | 124.30 | NOTE | |
| r-devel-windows-x86_64 | 1.10 | 9.00 | 77.00 | 86.00 | OK | |
| r-patched-linux-x86_64 | 1.10 | 7.52 | 64.66 | 72.18 | OK | |
| r-release-linux-x86_64 | 1.10 | 5.68 | 64.31 | 69.99 | OK | |
| r-release-macos-arm64 | 1.10 | 3.00 | 39.00 | 42.00 | OK | |
| r-release-macos-x86_64 | 1.10 | 6.00 | 67.00 | 73.00 | OK | |
| r-release-windows-x86_64 | 1.10 | 10.00 | 78.00 | 88.00 | OK | |
| r-oldrel-macos-arm64 | 1.10 | 2.00 | 39.00 | 41.00 | NOTE | |
| r-oldrel-macos-x86_64 | 1.10 | 5.00 | 57.00 | 62.00 | NOTE | |
| r-oldrel-windows-x86_64 | 1.10 | 12.00 | 95.00 | 107.00 | NOTE | 
Version: 1.10
Check: CRAN incoming feasibility
Result: NOTE
  Maintainer: ‘Vasileios Karapoulios <billkarap123@gmail.com>’
  
  No Authors@R field in DESCRIPTION.
  Please add one, modifying
    Authors@R: person(given = "Vasileios",
                      family = "Karapoulios",
                      role = c("aut", "cre"),
                      email = "billkarap123@gmail.com")
  as necessary.
Flavors: r-devel-linux-x86_64-debian-clang, r-devel-linux-x86_64-debian-gcc
Version: 1.10
Check: dependencies in R code
Result: NOTE
  Namespaces in Imports field not imported from:
    ‘devtools’ ‘reticulate’ ‘tensorflow’
    All declared Imports should be used.
Flavors: r-devel-linux-x86_64-fedora-clang, r-devel-linux-x86_64-fedora-gcc
Version: 1.10
Check: LazyData
Result: NOTE
    'LazyData' is specified without a 'data' directory
Flavors: r-oldrel-macos-arm64, r-oldrel-macos-x86_64, r-oldrel-windows-x86_64