Last updated on 2025-10-31 17:50:19 CET.
| Flavor | Version | Tinstall | Tcheck | Ttotal | Status | Flags | 
|---|---|---|---|---|---|---|
| r-devel-linux-x86_64-debian-clang | 0.2.0 | 17.88 | 170.01 | 187.89 | OK | |
| r-devel-linux-x86_64-debian-gcc | 0.2.0 | 12.72 | 119.34 | 132.06 | OK | |
| r-devel-linux-x86_64-fedora-clang | 0.2.0 | 83.00 | 226.74 | 309.74 | OK | |
| r-devel-linux-x86_64-fedora-gcc | 0.2.0 | 36.00 | 232.52 | 268.52 | OK | |
| r-devel-windows-x86_64 | 0.2.0 | 21.00 | 199.00 | 220.00 | OK | |
| r-patched-linux-x86_64 | 0.2.0 | 17.73 | 160.43 | 178.16 | OK | |
| r-release-linux-x86_64 | 0.2.0 | 17.44 | 162.30 | 179.74 | OK | |
| r-release-macos-arm64 | 0.2.0 | 8.00 | 58.00 | 66.00 | OK | |
| r-release-macos-x86_64 | 0.2.0 | 15.00 | 124.00 | 139.00 | OK | |
| r-release-windows-x86_64 | 0.2.0 | 21.00 | 201.00 | 222.00 | OK | |
| r-oldrel-macos-arm64 | 0.2.0 | 10.00 | 81.00 | 91.00 | OK | |
| r-oldrel-macos-x86_64 | 0.2.0 | 17.00 | 127.00 | 144.00 | NOTE | |
| r-oldrel-windows-x86_64 | 0.2.0 | 28.00 | 240.00 | 268.00 | OK | 
Version: 0.2.0
Check: installed package size
Result: NOTE
    installed size is  5.6Mb
    sub-directories of 1Mb or more:
      data   5.1Mb
Flavor: r-oldrel-macos-x86_64