CRAN Package Check Results for Package ICSS

Last updated on 2025-11-19 17:48:42 CET.

Flavor Version Tinstall Tcheck Ttotal Status Flags
r-devel-linux-x86_64-debian-clang 1.1 1.78 20.15 21.93 NOTE
r-devel-linux-x86_64-debian-gcc 1.1 1.49 16.94 18.43 NOTE
r-devel-linux-x86_64-fedora-clang 1.1 31.30 NOTE
r-devel-linux-x86_64-fedora-gcc 1.1 30.38 NOTE
r-devel-windows-x86_64 1.1 6.00 37.00 43.00 NOTE
r-patched-linux-x86_64 1.1 1.79 19.07 20.86 NOTE
r-release-linux-x86_64 1.1 1.72 18.91 20.63 NOTE
r-release-macos-arm64 1.1 NOTE
r-release-macos-x86_64 1.1 2.00 27.00 29.00 NOTE
r-release-windows-x86_64 1.1 3.00 38.00 41.00 NOTE
r-oldrel-macos-arm64 1.1 NOTE
r-oldrel-macos-x86_64 1.1 1.00 21.00 22.00 NOTE
r-oldrel-windows-x86_64 1.1 3.00 44.00 47.00 NOTE

Check Details

Version: 1.1
Check: Rd files
Result: NOTE checkRd: (-1) data.Rd:7: Lost braces in \itemize; meant \describe ? checkRd: (-1) data.Rd:8: Lost braces in \itemize; meant \describe ? checkRd: (-1) data.Rd:9: Lost braces in \itemize; meant \describe ? Flavors: r-devel-linux-x86_64-debian-clang, r-devel-linux-x86_64-debian-gcc, r-devel-linux-x86_64-fedora-clang, r-devel-linux-x86_64-fedora-gcc, r-devel-windows-x86_64, r-patched-linux-x86_64, r-release-linux-x86_64, r-release-macos-arm64, r-release-macos-x86_64, r-release-windows-x86_64, r-oldrel-macos-arm64, r-oldrel-macos-x86_64, r-oldrel-windows-x86_64