Last updated on 2025-11-20 17:49:40 CET.
| Flavor | Version | Tinstall | Tcheck | Ttotal | Status | Flags |
|---|---|---|---|---|---|---|
| r-devel-linux-x86_64-debian-clang | 2.0 | 6.80 | 60.06 | 66.86 | NOTE | |
| r-devel-linux-x86_64-debian-gcc | 2.0 | 6.16 | 45.37 | 51.53 | NOTE | |
| r-devel-linux-x86_64-fedora-clang | 2.0 | 15.00 | 87.80 | 102.80 | OK | |
| r-devel-linux-x86_64-fedora-gcc | 2.0 | 16.00 | 84.03 | 100.03 | OK | |
| r-devel-windows-x86_64 | 2.0 | 10.00 | 72.00 | 82.00 | OK | |
| r-patched-linux-x86_64 | 2.0 | 7.06 | 57.81 | 64.87 | OK | |
| r-release-linux-x86_64 | 2.0 | 6.77 | 58.34 | 65.11 | OK | |
| r-release-macos-arm64 | 2.0 | OK | ||||
| r-release-macos-x86_64 | 2.0 | 6.00 | 67.00 | 73.00 | OK | |
| r-release-windows-x86_64 | 2.0 | 8.00 | 78.00 | 86.00 | OK | |
| r-oldrel-macos-arm64 | 2.0 | OK | ||||
| r-oldrel-macos-x86_64 | 2.0 | 5.00 | 54.00 | 59.00 | OK | |
| r-oldrel-windows-x86_64 | 2.0 | 10.00 | 85.00 | 95.00 | OK |
Version: 2.0
Check: CRAN incoming feasibility
Result: NOTE
Maintainer: ‘Jie Zhou <zhoujie02569@gmail.com>’
No Authors@R field in DESCRIPTION.
Please add one, modifying
Authors@R: c(person(given = "Jie",
family = "Zhou",
role = c("aut", "cre"),
email = "zhoujie02569@gmail.com"),
person(given = "Jiajia",
family = "Zhang",
role = "aut"),
person(given = "Wenbin",
family = "Lu",
role = "aut"))
as necessary.
Found the following \keyword or \concept entries
which likely give several index terms:
File ‘ICGOR-package.Rd’:
\keyword{ package, generalized odds rate hazards m [TRUNCATED]
Flavors: r-devel-linux-x86_64-debian-clang, r-devel-linux-x86_64-debian-gcc