Last updated on 2025-10-31 14:49:44 CET.
| Flavor | Version | Tinstall | Tcheck | Ttotal | Status | Flags | 
|---|---|---|---|---|---|---|
| r-devel-linux-x86_64-debian-clang | 0.1.3 | 27.58 | 261.87 | 289.45 | OK | |
| r-devel-linux-x86_64-debian-gcc | 0.1.3 | 18.72 | 177.67 | 196.39 | OK | |
| r-devel-linux-x86_64-fedora-clang | 0.1.3 | 170.00 | 313.70 | 483.70 | OK | |
| r-devel-linux-x86_64-fedora-gcc | 0.1.3 | 133.00 | 337.36 | 470.36 | OK | |
| r-devel-windows-x86_64 | 0.1.3 | 26.00 | 218.00 | 244.00 | OK | |
| r-patched-linux-x86_64 | 0.1.3 | 25.11 | 244.50 | 269.61 | OK | |
| r-release-linux-x86_64 | 0.1.3 | 22.47 | 242.88 | 265.35 | OK | |
| r-release-macos-arm64 | 0.1.3 | 5.00 | ERROR | |||
| r-release-macos-x86_64 | 0.1.3 | 36.00 | 275.00 | 311.00 | OK | |
| r-release-windows-x86_64 | 0.1.3 | 28.00 | 220.00 | 248.00 | OK | |
| r-oldrel-macos-arm64 | 0.1.3 | 12.00 | 103.00 | 115.00 | OK | |
| r-oldrel-macos-x86_64 | 0.1.3 | 39.00 | 321.00 | 360.00 | OK | |
| r-oldrel-windows-x86_64 | 0.1.3 | 34.00 | 271.00 | 305.00 | OK | 
Version: 0.1.3
Check: package dependencies
Result: ERROR
  Package required but not available: ‘org.Hs.eg.db’
  
  See section ‘The DESCRIPTION file’ in the ‘Writing R Extensions’
  manual.
Flavor: r-release-macos-arm64