CRAN Package Check Results for Package ICCbin

Last updated on 2025-11-11 14:48:47 CET.

Flavor Version Tinstall Tcheck Ttotal Status Flags
r-devel-linux-x86_64-debian-clang 1.1.1 2.38 29.17 31.55 OK
r-devel-linux-x86_64-debian-gcc 1.1.1 1.98 22.17 24.15 OK
r-devel-linux-x86_64-fedora-clang 1.1.1 11.00 39.96 50.96 OK
r-devel-linux-x86_64-fedora-gcc 1.1.1 44.84 OK
r-devel-windows-x86_64 1.1.1 5.00 44.00 49.00 OK
r-patched-linux-x86_64 1.1.1 2.85 27.55 30.40 OK
r-release-linux-x86_64 1.1.1 2.84 27.56 30.40 OK
r-release-macos-arm64 1.1.1 2.00 15.00 17.00 OK
r-release-macos-x86_64 1.1.1 2.00 29.00 31.00 OK
r-release-windows-x86_64 1.1.1 3.00 44.00 47.00 OK
r-oldrel-macos-arm64 1.1.1 1.00 16.00 17.00 NOTE
r-oldrel-macos-x86_64 1.1.1 2.00 22.00 24.00 NOTE
r-oldrel-windows-x86_64 1.1.1 5.00 53.00 58.00 NOTE

Check Details

Version: 1.1.1
Check: LazyData
Result: NOTE 'LazyData' is specified without a 'data' directory Flavors: r-oldrel-macos-arm64, r-oldrel-macos-x86_64, r-oldrel-windows-x86_64