Last updated on 2025-11-12 01:49:00 CET.
| Flavor | Version | Tinstall | Tcheck | Ttotal | Status | Flags |
|---|---|---|---|---|---|---|
| r-devel-linux-x86_64-debian-clang | 2.0.11 | 5.91 | 47.96 | 53.87 | NOTE | |
| r-devel-linux-x86_64-debian-gcc | 2.0.11 | 3.80 | 34.50 | 38.30 | NOTE | |
| r-devel-linux-x86_64-fedora-clang | 2.0.11 | 29.00 | 57.77 | 86.77 | OK | |
| r-devel-linux-x86_64-fedora-gcc | 2.0.11 | 20.00 | 76.69 | 96.69 | OK | |
| r-devel-windows-x86_64 | 2.0.11 | 5.00 | 65.00 | 70.00 | OK | |
| r-patched-linux-x86_64 | 2.0.11 | 4.68 | 45.64 | 50.32 | OK | |
| r-release-linux-x86_64 | 2.0.11 | 5.11 | 45.53 | 50.64 | OK | |
| r-release-macos-arm64 | 2.0.11 | 2.00 | 34.00 | 36.00 | OK | |
| r-release-macos-x86_64 | 2.0.11 | 4.00 | 49.00 | 53.00 | OK | |
| r-release-windows-x86_64 | 2.0.11 | 7.00 | 67.00 | 74.00 | OK | |
| r-oldrel-macos-arm64 | 2.0.11 | 3.00 | 25.00 | 28.00 | OK | |
| r-oldrel-macos-x86_64 | 2.0.11 | 4.00 | 48.00 | 52.00 | OK | |
| r-oldrel-windows-x86_64 | 2.0.11 | 7.00 | 76.00 | 83.00 | OK |
Version: 2.0.11
Check: CRAN incoming feasibility
Result: NOTE
Maintainer: ‘Andrea Rau <andrea.rau@jouy.inra.fr>’
No Authors@R field in DESCRIPTION.
Please add one, modifying
Authors@R: c(person(given = "Andrea",
family = "Rau",
role = c("aut", "cre"),
email = "andrea.rau@jouy.inra.fr"),
person(given = "Gilles",
family = "Celeux",
role = "aut"),
person(given = "Marie-Laure",
family = "Martin-Magniette",
role = "aut"),
person(given = c("Cathy", "Maugis-"),
family = "Rabusseau",
role = "aut"))
as necessary.
Flavors: r-devel-linux-x86_64-debian-clang, r-devel-linux-x86_64-debian-gcc