Last updated on 2025-10-31 17:50:17 CET.
| Flavor | Version | Tinstall | Tcheck | Ttotal | Status | Flags | 
|---|---|---|---|---|---|---|
| r-devel-linux-x86_64-debian-clang | 1.0.5 | 6.20 | 74.33 | 80.53 | OK | |
| r-devel-linux-x86_64-debian-gcc | 1.0.5 | 4.36 | 56.60 | 60.96 | OK | |
| r-devel-linux-x86_64-fedora-clang | 1.0.5 | 74.00 | 63.23 | 137.23 | OK | |
| r-devel-linux-x86_64-fedora-gcc | 1.0.5 | 31.00 | 115.09 | 146.09 | OK | |
| r-devel-windows-x86_64 | 1.0.5 | 2.00 | 4.00 | 6.00 | ERROR | |
| r-patched-linux-x86_64 | 1.0.5 | 6.21 | 70.50 | 76.71 | OK | |
| r-release-linux-x86_64 | 1.0.5 | 4.51 | 70.61 | 75.12 | OK | |
| r-release-macos-arm64 | 1.0.5 | 3.00 | 33.00 | 36.00 | OK | |
| r-release-macos-x86_64 | 1.0.5 | 5.00 | 69.00 | 74.00 | OK | |
| r-release-windows-x86_64 | 1.0.5 | 8.00 | 84.00 | 92.00 | OK | |
| r-oldrel-macos-arm64 | 1.0.5 | 3.00 | 33.00 | 36.00 | OK | |
| r-oldrel-macos-x86_64 | 1.0.5 | 4.00 | 51.00 | 55.00 | OK | |
| r-oldrel-windows-x86_64 | 1.0.5 | 8.00 | 103.00 | 111.00 | OK | 
Version: 1.0.5
Check: whether package can be installed
Result: ERROR
  Installation failed.
Flavor: r-devel-windows-x86_64