Last updated on 2025-11-25 09:50:05 CET.
| Flavor | Version | Tinstall | Tcheck | Ttotal | Status | Flags |
|---|---|---|---|---|---|---|
| r-devel-linux-x86_64-debian-clang | 0.2.1 | 18.48 | 113.20 | 131.68 | NOTE | |
| r-devel-linux-x86_64-debian-gcc | 0.2.1 | 11.76 | 75.76 | 87.52 | NOTE | |
| r-devel-linux-x86_64-fedora-clang | 0.2.1 | 41.00 | 164.97 | 205.97 | OK | |
| r-devel-linux-x86_64-fedora-gcc | 0.2.1 | 110.00 | 115.92 | 225.92 | OK | |
| r-devel-windows-x86_64 | 0.2.1 | 20.00 | 126.00 | 146.00 | OK | |
| r-patched-linux-x86_64 | 0.2.1 | 22.24 | 103.92 | 126.16 | OK | |
| r-release-linux-x86_64 | 0.2.1 | 20.44 | 102.17 | 122.61 | OK | |
| r-release-macos-arm64 | 0.2.1 | OK | ||||
| r-release-macos-x86_64 | 0.2.1 | 18.00 | 93.00 | 111.00 | OK | |
| r-release-windows-x86_64 | 0.2.1 | 17.00 | 156.00 | 173.00 | OK | |
| r-oldrel-macos-arm64 | 0.2.1 | OK | ||||
| r-oldrel-macos-x86_64 | 0.2.1 | 13.00 | 85.00 | 98.00 | OK | |
| r-oldrel-windows-x86_64 | 0.2.1 | 19.00 | 142.00 | 161.00 | OK |
Version: 0.2.1
Check: CRAN incoming feasibility
Result: NOTE
Maintainer: ‘David Molina <dmolinam@ugr.es>’
No Authors@R field in DESCRIPTION.
Please add one, modifying
Authors@R: c(person(given = "Antonio",
family = "Arcos",
role = "aut",
email = "arcos@ugr.es"),
person(given = c("Maria", "del", "Mar"),
family = "Rueda",
role = "aut",
email = "mrueda@ugr.es"),
person(given = c("Maria", "Giovanna"),
family = "Ranalli",
role = "aut",
email = "giovanna.ranalli@stat.unipg.it"),
person(given = "David",
family = "Molina",
role = c("aut", "cre"),
email = "dmolinam@ugr.es"))
as necessary.
Flavors: r-devel-linux-x86_64-debian-clang, r-devel-linux-x86_64-debian-gcc