Last updated on 2025-07-16 05:49:22 CEST.
Flavor | Version | Tinstall | Tcheck | Ttotal | Status | Flags |
---|---|---|---|---|---|---|
r-devel-linux-x86_64-debian-clang | 0.6.1 | 76.97 | 62.34 | 139.31 | OK | |
r-devel-linux-x86_64-debian-gcc | 0.6.1 | 72.11 | 45.99 | 118.10 | OK | |
r-devel-linux-x86_64-fedora-clang | 0.6.1 | 215.37 | OK | |||
r-devel-linux-x86_64-fedora-gcc | 0.6.1 | 263.40 | OK | |||
r-devel-windows-x86_64 | 0.6.1 | 76.00 | 106.00 | 182.00 | OK | |
r-patched-linux-x86_64 | 0.6.1 | 101.43 | 64.65 | 166.08 | OK | |
r-release-linux-x86_64 | 0.6.1 | 99.83 | 63.24 | 163.07 | OK | |
r-release-macos-arm64 | 0.6.1 | 76.00 | OK | |||
r-release-macos-x86_64 | 0.6.1 | 138.00 | OK | |||
r-release-windows-x86_64 | 0.6.1 | 76.00 | 123.00 | 199.00 | OK | |
r-oldrel-macos-arm64 | 0.6.1 | 75.00 | NOTE | |||
r-oldrel-macos-x86_64 | 0.6.1 | 139.00 | NOTE | |||
r-oldrel-windows-x86_64 | 0.6.1 | 99.00 | 134.00 | 233.00 | OK |
Version: 0.6.1
Check: installed package size
Result: NOTE
installed size is 45.3Mb
sub-directories of 1Mb or more:
libs 44.8Mb
Flavors: r-oldrel-macos-arm64, r-oldrel-macos-x86_64