Last updated on 2025-11-04 05:51:10 CET.
| Flavor | Version | Tinstall | Tcheck | Ttotal | Status | Flags | 
|---|---|---|---|---|---|---|
| r-devel-linux-x86_64-debian-clang | 1.5.1 | 7.46 | 68.42 | 75.88 | NOTE | |
| r-devel-linux-x86_64-debian-gcc | 1.5.1 | 6.15 | 50.63 | 56.78 | NOTE | |
| r-devel-linux-x86_64-fedora-clang | 1.5.1 | 70.00 | 56.97 | 126.97 | OK | |
| r-devel-linux-x86_64-fedora-gcc | 1.5.1 | 16.00 | 95.45 | 111.45 | OK | |
| r-devel-windows-x86_64 | 1.5.1 | 8.00 | 81.00 | 89.00 | OK | |
| r-patched-linux-x86_64 | 1.5.1 | 7.10 | 64.74 | 71.84 | OK | |
| r-release-linux-x86_64 | 1.5.1 | 8.00 | 64.54 | 72.54 | OK | |
| r-release-macos-arm64 | 1.5.1 | 4.00 | 42.00 | 46.00 | OK | |
| r-release-macos-x86_64 | 1.5.1 | 8.00 | 70.00 | 78.00 | OK | |
| r-release-windows-x86_64 | 1.5.1 | 9.00 | 81.00 | 90.00 | OK | |
| r-oldrel-macos-arm64 | 1.5.1 | 4.00 | 34.00 | 38.00 | OK | |
| r-oldrel-macos-x86_64 | 1.5.1 | 5.00 | 53.00 | 58.00 | OK | |
| r-oldrel-windows-x86_64 | 1.5.1 | 11.00 | 104.00 | 115.00 | OK | 
Version: 1.5.1
Check: CRAN incoming feasibility
Result: NOTE
  Maintainer: ‘Ramon Oller <ramon.oller@uvic.cat>’
  
  No Authors@R field in DESCRIPTION.
  Please add one, modifying
    Authors@R: c(person(given = "Ramon",
                        family = "Oller",
                        role = c("aut", "cre"),
                        email = "ramon.oller@uvic.cat"),
                 person(given = "Klaus",
                        family = "Langohr",
                        role = "aut"))
  as necessary.
Flavors: r-devel-linux-x86_64-debian-clang, r-devel-linux-x86_64-debian-gcc