Last updated on 2025-10-30 21:48:49 CET.
| Flavor | Version | Tinstall | Tcheck | Ttotal | Status | Flags | 
|---|---|---|---|---|---|---|
| r-devel-linux-x86_64-debian-clang | 1.1 | 6.35 | 52.65 | 59.00 | NOTE | |
| r-devel-linux-x86_64-debian-gcc | 1.1 | 4.66 | 41.79 | 46.45 | NOTE | |
| r-devel-linux-x86_64-fedora-clang | 1.1 | 12.00 | 77.29 | 89.29 | OK | |
| r-devel-linux-x86_64-fedora-gcc | 1.1 | 11.00 | 74.37 | 85.37 | OK | |
| r-devel-windows-x86_64 | 1.1 | 7.00 | 60.00 | 67.00 | OK | |
| r-patched-linux-x86_64 | 1.1 | 6.66 | 51.07 | 57.73 | OK | |
| r-release-linux-x86_64 | 1.1 | 5.84 | 50.50 | 56.34 | OK | |
| r-release-macos-arm64 | 1.1 | 4.00 | 30.00 | 34.00 | OK | |
| r-release-macos-x86_64 | 1.1 | 9.00 | 68.00 | 77.00 | OK | |
| r-release-windows-x86_64 | 1.1 | 7.00 | 64.00 | 71.00 | OK | |
| r-oldrel-macos-arm64 | 1.1 | 3.00 | 26.00 | 29.00 | OK | |
| r-oldrel-macos-x86_64 | 1.1 | 4.00 | 40.00 | 44.00 | OK | |
| r-oldrel-windows-x86_64 | 1.1 | 9.00 | 77.00 | 86.00 | OK | 
Version: 1.1
Check: CRAN incoming feasibility
Result: NOTE
  Maintainer: ‘Koulik Khamaru <koulik123@gmail.com>’
  
  No Authors@R field in DESCRIPTION.
  Please add one, modifying
    Authors@R: c(person(given = "Koulik",
                        family = "Khamaru",
                        role = c("aut", "cre"),
                        email = "koulik123@gmail.com"),
                 person(given = "Rahul",
                        family = "Mazumder",
                        role = "aut",
                        email = "rahul.mazumder@gmail.com"))
  as necessary.
Flavors: r-devel-linux-x86_64-debian-clang, r-devel-linux-x86_64-debian-gcc