Last updated on 2025-11-25 17:49:48 CET.
| Flavor | Version | Tinstall | Tcheck | Ttotal | Status | Flags |
|---|---|---|---|---|---|---|
| r-devel-linux-x86_64-debian-clang | 1.5 | 2.63 | 28.13 | 30.76 | NOTE | |
| r-devel-linux-x86_64-debian-gcc | 1.5 | 2.05 | 22.29 | 24.34 | NOTE | |
| r-devel-linux-x86_64-fedora-clang | 1.5 | 45.72 | OK | |||
| r-devel-linux-x86_64-fedora-gcc | 1.5 | 47.58 | OK | |||
| r-devel-windows-x86_64 | 1.5 | 4.00 | 46.00 | 50.00 | OK | |
| r-patched-linux-x86_64 | 1.5 | 2.47 | 26.75 | 29.22 | OK | |
| r-release-linux-x86_64 | 1.5 | 2.60 | 26.55 | 29.15 | OK | |
| r-release-macos-arm64 | 1.5 | OK | ||||
| r-release-macos-x86_64 | 1.5 | 3.00 | 28.00 | 31.00 | OK | |
| r-release-windows-x86_64 | 1.5 | 5.00 | 60.00 | 65.00 | OK | |
| r-oldrel-macos-arm64 | 1.5 | OK | ||||
| r-oldrel-macos-x86_64 | 1.5 | 2.00 | 23.00 | 25.00 | OK | |
| r-oldrel-windows-x86_64 | 1.5 | 4.00 | 54.00 | 58.00 | OK |
Version: 1.5
Check: CRAN incoming feasibility
Result: NOTE
Maintainer: ‘Castor Guisande Gonzalez <castor@uvigo.es>’
No Authors@R field in DESCRIPTION.
Please add one, modifying
Authors@R: person(given = c("Castor", "Guisande"),
family = "Gonzalez",
role = c("aut", "cre"),
email = "castor@uvigo.es")
as necessary.
Flavors: r-devel-linux-x86_64-debian-clang, r-devel-linux-x86_64-debian-gcc