Last updated on 2025-11-10 13:52:35 CET.
| Flavor | Version | Tinstall | Tcheck | Ttotal | Status | Flags |
|---|---|---|---|---|---|---|
| r-devel-linux-x86_64-debian-clang | 2.2 | 24.29 | 60.01 | 84.30 | OK | |
| r-devel-linux-x86_64-debian-gcc | 2.2 | 19.70 | 44.41 | 64.11 | OK | |
| r-devel-linux-x86_64-fedora-clang | 2.2 | 140.00 | -2.50 | 137.50 | NOTE | |
| r-devel-linux-x86_64-fedora-gcc | 2.2 | 122.00 | 41.15 | 163.15 | NOTE | |
| r-devel-windows-x86_64 | 2.2 | 27.00 | 122.00 | 149.00 | OK | |
| r-patched-linux-x86_64 | 2.2 | 24.71 | 56.28 | 80.99 | OK | |
| r-release-linux-x86_64 | 2.2 | 26.85 | 56.55 | 83.40 | OK | |
| r-release-macos-arm64 | 2.2 | 13.00 | 50.00 | 63.00 | OK | |
| r-release-macos-x86_64 | 2.2 | 26.00 | 70.00 | 96.00 | OK | |
| r-release-windows-x86_64 | 2.2 | 25.00 | 120.00 | 145.00 | OK | |
| r-oldrel-macos-arm64 | 2.2 | 12.00 | 48.00 | 60.00 | OK | |
| r-oldrel-macos-x86_64 | 2.2 | 19.00 | 64.00 | 83.00 | OK | |
| r-oldrel-windows-x86_64 | 2.2 | 30.00 | 187.00 | 217.00 | OK |
Version: 2.2
Check: dependencies in R code
Result: NOTE
Namespace in Imports field not imported from: ‘Matrix’
All declared Imports should be used.
Flavors: r-devel-linux-x86_64-fedora-clang, r-devel-linux-x86_64-fedora-gcc