Last updated on 2025-10-29 13:49:03 CET.
| Flavor | Version | Tinstall | Tcheck | Ttotal | Status | Flags |
|---|---|---|---|---|---|---|
| r-devel-linux-x86_64-debian-clang | 3.6 | 115.15 | 274.35 | 389.50 | OK | |
| r-devel-linux-x86_64-debian-gcc | 3.6 | 79.27 | 188.95 | 268.22 | OK | |
| r-devel-linux-x86_64-fedora-clang | 3.6 | 390.00 | 301.05 | 691.05 | OK | |
| r-devel-linux-x86_64-fedora-gcc | 184.00 | ERROR | ||||
| r-devel-windows-x86_64 | 3.6 | 124.00 | 248.00 | 372.00 | OK | |
| r-patched-linux-x86_64 | 3.6 | 114.57 | 255.67 | 370.24 | OK | |
| r-release-linux-x86_64 | 3.6 | 117.25 | 252.79 | 370.04 | OK | |
| r-release-macos-arm64 | 3.6 | 44.00 | 141.00 | 185.00 | OK | |
| r-release-macos-x86_64 | 3.6 | 80.00 | 276.00 | 356.00 | OK | |
| r-release-windows-x86_64 | 3.6 | 122.00 | 254.00 | 376.00 | OK | |
| r-oldrel-macos-arm64 | 3.6 | 42.00 | 141.00 | 183.00 | NOTE | |
| r-oldrel-macos-x86_64 | 3.6 | 65.00 | 289.00 | 354.00 | NOTE | |
| r-oldrel-windows-x86_64 | 3.6 | 150.00 | 351.00 | 501.00 | OK |
Version: 3.6
Check: whether package can be installed
Result: ERROR
Installation failed.
Flavor: r-devel-linux-x86_64-fedora-gcc
Version: 3.6
Check: installed package size
Result: NOTE
installed size is 11.5Mb
sub-directories of 1Mb or more:
data 3.2Mb
libs 8.0Mb
Flavors: r-oldrel-macos-arm64, r-oldrel-macos-x86_64