Last updated on 2025-11-19 21:48:33 CET.
| Flavor | Version | Tinstall | Tcheck | Ttotal | Status | Flags |
|---|---|---|---|---|---|---|
| r-devel-linux-x86_64-debian-clang | 0.0-1 | 12.26 | 155.84 | 168.10 | NOTE | |
| r-devel-linux-x86_64-debian-gcc | 0.0-1 | 9.06 | 104.26 | 113.32 | NOTE | |
| r-devel-linux-x86_64-fedora-clang | 0.0-1 | 34.00 | 232.63 | 266.63 | NOTE | |
| r-devel-linux-x86_64-fedora-gcc | 0.0-1 | 27.00 | 217.98 | 244.98 | NOTE | |
| r-devel-windows-x86_64 | 0.0-1 | 14.00 | 146.00 | 160.00 | NOTE | |
| r-patched-linux-x86_64 | 0.0-1 | 12.96 | 145.75 | 158.71 | NOTE | |
| r-release-linux-x86_64 | 0.0-1 | 11.83 | 145.88 | 157.71 | NOTE | |
| r-release-macos-arm64 | 0.0-1 | NOTE | ||||
| r-release-macos-x86_64 | 0.0-1 | 9.00 | 117.00 | 126.00 | NOTE | |
| r-release-windows-x86_64 | 0.0-1 | 13.00 | 150.00 | 163.00 | NOTE | |
| r-oldrel-macos-arm64 | 0.0-1 | NOTE | ||||
| r-oldrel-macos-x86_64 | 0.0-1 | 8.00 | 90.00 | 98.00 | NOTE | |
| r-oldrel-windows-x86_64 | 0.0-1 | 17.00 | 192.00 | 209.00 | NOTE |
Version: 0.0-1
Check: Rd files
Result: NOTE
checkRd: (-1) setCPT.O.Rd:85: Lost braces; missing escapes or markup?
85 | statespace {0,1,2}, which this is *not* checked anywhere. Thus, if
| ^
Flavors: r-devel-linux-x86_64-debian-clang, r-devel-linux-x86_64-debian-gcc, r-devel-linux-x86_64-fedora-clang, r-devel-linux-x86_64-fedora-gcc, r-devel-windows-x86_64, r-patched-linux-x86_64, r-release-linux-x86_64, r-release-macos-arm64, r-release-macos-x86_64, r-release-windows-x86_64, r-oldrel-macos-arm64, r-oldrel-macos-x86_64, r-oldrel-windows-x86_64