Last updated on 2025-11-01 05:51:44 CET.
| Flavor | Version | Tinstall | Tcheck | Ttotal | Status | Flags |
|---|---|---|---|---|---|---|
| r-devel-linux-x86_64-debian-clang | 1.0.0.1 | 52.61 | 108.05 | 160.66 | OK | |
| r-devel-linux-x86_64-debian-gcc | 1.0.0.1 | 41.51 | 79.33 | 120.84 | OK | |
| r-devel-linux-x86_64-fedora-clang | 1.0.0.1 | 206.00 | 75.59 | 281.59 | OK | |
| r-devel-linux-x86_64-fedora-gcc | 1.0.0.1 | 145.00 | 142.44 | 287.44 | OK | |
| r-devel-windows-x86_64 | 1.0.0.1 | 63.00 | 130.00 | 193.00 | OK | |
| r-patched-linux-x86_64 | 1.0.0.1 | 58.51 | 103.04 | 161.55 | OK | |
| r-release-linux-x86_64 | 1.0.0.1 | 60.05 | 103.09 | 163.14 | OK | |
| r-release-macos-arm64 | 1.0.0.1 | 23.00 | 54.00 | 77.00 | OK | |
| r-release-macos-x86_64 | 1.0.0.1 | 31.00 | 77.00 | 108.00 | OK | |
| r-release-windows-x86_64 | 1.0.0.1 | 60.00 | 133.00 | 193.00 | OK | |
| r-oldrel-macos-arm64 | 1.0.0.1 | 22.00 | 55.00 | 77.00 | NOTE | |
| r-oldrel-macos-x86_64 | 1.0.0.1 | 27.00 | 71.00 | 98.00 | NOTE | |
| r-oldrel-windows-x86_64 | 1.0.0.1 | 77.00 | 170.00 | 247.00 | OK |
Version: 1.0.0.1
Check: installed package size
Result: NOTE
installed size is 5.6Mb
sub-directories of 1Mb or more:
libs 4.4Mb
Flavors: r-oldrel-macos-arm64, r-oldrel-macos-x86_64