Last updated on 2025-11-12 17:48:45 CET.
| Flavor | Version | Tinstall | Tcheck | Ttotal | Status | Flags |
|---|---|---|---|---|---|---|
| r-devel-linux-x86_64-debian-clang | 3.6.0 | 191.58 | 118.52 | 310.10 | OK | |
| r-devel-linux-x86_64-debian-gcc | 3.6.0 | 163.65 | 85.97 | 249.62 | OK | |
| r-devel-linux-x86_64-fedora-clang | 3.6.0 | 1080.00 | -460.48 | 619.52 | OK | |
| r-devel-linux-x86_64-fedora-gcc | 3.6.0 | 388.00 | 233.79 | 621.79 | OK | |
| r-devel-windows-x86_64 | 3.6.0 | 268.00 | 168.00 | 436.00 | OK | |
| r-patched-linux-x86_64 | 3.6.0 | 226.27 | 117.21 | 343.48 | OK | |
| r-release-linux-x86_64 | 3.6.0 | 222.73 | 115.52 | 338.25 | OK | |
| r-release-macos-arm64 | 3.6.0 | 86.00 | 51.00 | 137.00 | OK | |
| r-release-macos-x86_64 | 3.6.0 | 101.00 | 107.00 | 208.00 | OK | |
| r-release-windows-x86_64 | 3.6.0 | 250.00 | 164.00 | 414.00 | OK | |
| r-oldrel-macos-arm64 | 3.6.0 | 84.00 | 55.00 | 139.00 | NOTE | |
| r-oldrel-macos-x86_64 | 3.6.0 | 109.00 | 112.00 | 221.00 | NOTE | |
| r-oldrel-windows-x86_64 | 3.6.0 | 323.00 | 216.00 | 539.00 | OK |
Version: 3.6.0
Check: installed package size
Result: NOTE
installed size is 29.1Mb
sub-directories of 1Mb or more:
libs 28.2Mb
Flavors: r-oldrel-macos-arm64, r-oldrel-macos-x86_64