Last updated on 2025-10-31 17:50:12 CET.
| Flavor | Version | Tinstall | Tcheck | Ttotal | Status | Flags | 
|---|---|---|---|---|---|---|
| r-devel-linux-x86_64-debian-clang | 0.1.1 | 11.88 | 145.05 | 156.93 | NOTE | |
| r-devel-linux-x86_64-debian-gcc | 0.1.1 | 8.57 | 101.85 | 110.42 | NOTE | |
| r-devel-linux-x86_64-fedora-clang | 0.1.1 | 53.00 | 204.47 | 257.47 | NOTE | |
| r-devel-linux-x86_64-fedora-gcc | 0.1.1 | 22.00 | 221.75 | 243.75 | NOTE | |
| r-devel-windows-x86_64 | 0.1.1 | 13.00 | 133.00 | 146.00 | NOTE | |
| r-patched-linux-x86_64 | 0.1.1 | 11.66 | 137.94 | 149.60 | NOTE | |
| r-release-linux-x86_64 | 0.1.1 | 11.59 | 138.08 | 149.67 | NOTE | |
| r-release-macos-arm64 | 0.1.1 | 6.00 | 67.00 | 73.00 | NOTE | |
| r-release-macos-x86_64 | 0.1.1 | 11.00 | 125.00 | 136.00 | NOTE | |
| r-release-windows-x86_64 | 0.1.1 | 13.00 | 135.00 | 148.00 | NOTE | |
| r-oldrel-macos-arm64 | 0.1.1 | 5.00 | 60.00 | 65.00 | NOTE | |
| r-oldrel-macos-x86_64 | 0.1.1 | 8.00 | 94.00 | 102.00 | NOTE | |
| r-oldrel-windows-x86_64 | 0.1.1 | 18.00 | 173.00 | 191.00 | NOTE | 
Version: 0.1.1
Check: CRAN incoming feasibility
Result: NOTE
  Maintainer: ‘Fiammetta Menchetti <fiammetta.menchetti@gmail.com>’
  
  The Description field contains
    (MBSTS) as described in Menchetti & Bojinov (2020) <arXiv:2006.12269>.
  Please refer to arXiv e-prints via their arXiv DOI <doi:10.48550/arXiv.YYMM.NNNNN>.
Flavors: r-devel-linux-x86_64-debian-clang, r-devel-linux-x86_64-debian-gcc
Version: 0.1.1
Check: Rd files
Result: NOTE
  checkRd: (-1) as.mbsts.Rd:71: Lost braces; missing escapes or markup?
      71 |   \item{states.samples}{(\code{niter}- \code{burn}) draws from p(alpha_t | Y_{1:T}).}
         |                                                                              ^
  checkRd: (-1) mcmc.Rd:61: Lost braces; missing escapes or markup?
      61 |   \item{states.samples}{(\code{niter}- \code{burn}) draws from p(alpha_t | Y_{1:T}).}
         |                                                                              ^
Flavors: r-devel-linux-x86_64-debian-clang, r-devel-linux-x86_64-debian-gcc, r-devel-linux-x86_64-fedora-clang, r-devel-linux-x86_64-fedora-gcc, r-devel-windows-x86_64, r-patched-linux-x86_64, r-release-linux-x86_64, r-release-macos-arm64, r-release-macos-x86_64, r-release-windows-x86_64, r-oldrel-macos-arm64, r-oldrel-macos-x86_64, r-oldrel-windows-x86_64