Last updated on 2025-11-19 13:50:02 CET.
| Flavor | Version | Tinstall | Tcheck | Ttotal | Status | Flags |
|---|---|---|---|---|---|---|
| r-devel-linux-x86_64-debian-clang | 0.1.0 | 5.55 | 47.73 | 53.28 | NOTE | |
| r-devel-linux-x86_64-debian-gcc | 0.1.0 | 4.14 | 34.94 | 39.08 | NOTE | |
| r-devel-linux-x86_64-fedora-clang | 0.1.0 | 26.00 | 56.09 | 82.09 | NOTE | |
| r-devel-linux-x86_64-fedora-gcc | 0.1.0 | 74.73 | NOTE | |||
| r-devel-windows-x86_64 | 0.1.0 | 7.00 | 58.00 | 65.00 | NOTE | |
| r-patched-linux-x86_64 | 0.1.0 | 5.24 | 42.82 | 48.06 | NOTE | |
| r-release-linux-x86_64 | 0.1.0 | 4.77 | 43.07 | 47.84 | NOTE | |
| r-release-macos-arm64 | 0.1.0 | NOTE | ||||
| r-release-macos-x86_64 | 0.1.0 | 6.00 | 40.00 | 46.00 | NOTE | |
| r-release-windows-x86_64 | 0.1.0 | 7.00 | 58.00 | 65.00 | NOTE | |
| r-oldrel-macos-arm64 | 0.1.0 | OK | ||||
| r-oldrel-macos-x86_64 | 0.1.0 | 4.00 | 208.00 | 212.00 | OK | |
| r-oldrel-windows-x86_64 | 0.1.0 | 9.00 | 72.00 | 81.00 | OK |
Version: 0.1.0
Check: DESCRIPTION meta-information
Result: NOTE
Missing dependency on R >= 4.1.0 because package code uses the pipe
|> or function shorthand \(...) syntax added in R 4.1.0.
File(s) using such syntax:
‘long_est.R’
Flavors: r-devel-linux-x86_64-debian-clang, r-devel-linux-x86_64-debian-gcc, r-devel-linux-x86_64-fedora-clang, r-devel-linux-x86_64-fedora-gcc, r-devel-windows-x86_64, r-patched-linux-x86_64, r-release-linux-x86_64, r-release-macos-arm64, r-release-macos-x86_64, r-release-windows-x86_64